{"id":23777,"date":"2021-08-10T21:44:17","date_gmt":"2021-08-11T01:44:17","guid":{"rendered":"https:\/\/www.cca-acc.com\/?post_type=cca_plus&#038;p=23777"},"modified":"2021-08-31T08:46:50","modified_gmt":"2021-08-31T12:46:50","slug":"profitez-des-avantages-detre-membre-de-lacc","status":"publish","type":"cca_plus","link":"https:\/\/www.cca-acc.com\/fr\/plus\/profitez-des-avantages-detre-membre-de-lacc\/","title":{"rendered":"Profitez des avantages d\u2019\u00eatre membre de l\u2019ACC"},"content":{"rendered":"\n<p><strong><em>Inscrivez-vous maintenant au Sommet de l\u2019industrie des membres de l\u2019ACC.<\/em><\/strong><\/p>\n\n\n\n<p><a href=\"https:\/\/pheedloop.com\/2021MIS\/site\/home\/?utm_source=launch&amp;utm_medium=email&amp;utm_campaign=memberssummit&amp;utm_id=2021&amp;utm_content=registration\" target=\"_blank\" rel=\"noreferrer noopener\">INSCRIVEZ-VOUS D\u00c8S AUJOURD\u2019HUI<\/a> pour r\u00e9server votre place au Sommet de l\u2019industrie des membres de l\u2019Association canadienne de la construction (ACC) qui aura lieu le 16 septembre 2021. Cet \u00e9v\u00e9nement virtuel d\u2019une demi-journ\u00e9e est gratuit et s\u2019adresse exclusivement aux membres de l\u2019ACC et aux dirigeants et membres du personnel des associations partenaires.<\/p>\n\n\n\n<p>Les participants au Sommet de l\u2019industrie auront l\u2019occasion unique d\u2019interagir directement avec le pr\u00e9sident du conseil de l\u2019ACC, <strong>Ray Bassett<\/strong>, et la pr\u00e9sidente de l\u2019ACC, <strong>Mary Van Buren<\/strong>, dans le cadre d\u2019une discussion interactive portant sur les enjeux les plus pressants auxquels fait face l\u2019industrie aujourd\u2019hui et d\u2019en apprendre plus au sujet des dossiers sur lesquels votre association nationale portera son attention au cours des prochains mois.<\/p>\n\n\n\n<p>Les autres s\u00e9ances qui seront pr\u00e9sent\u00e9es au sommet comprennent :<\/p>\n\n\n\n<ul class=\"wp-block-list\"><li>Pr\u00e9visions \u00e9conomiques d\u2019automne de la construction, avec <strong>Peter Hall<\/strong>, vice-pr\u00e9sident et \u00e9conomiste en chef d\u2019Exportation et d\u00e9veloppement Canada. Commanditaire pr\u00e9sentateur\u00a0: Borden Ladner Gervais S.E.N.C.R.L., S.R.L.<br><img loading=\"lazy\" decoding=\"async\" width=\"100\" height=\"38\" class=\"wp-image-23739\" style=\"width: 100px;\" src=\"https:\/\/www.cca-acc.com\/wp-content\/uploads\/2021\/08\/BLG_Logo_CMYK_BLUE_JPEG100px.jpg\" alt=\"\"><\/li><\/ul>\n\n\n\n<ul class=\"wp-block-list\"><li>Vision pour l\u2019infrastructure<strong> :<\/strong> Un panel de discussion sur la vision \u00e0 long terme pour l\u2019infrastructure au Canada et les possibilit\u00e9s connexes, avec <strong>Alex Carrick<\/strong>, \u00e9conomiste en chef, ConstructConnect; <strong>Niilo Edwards<\/strong>, directeur g\u00e9n\u00e9ral, First Nations Major Project Coalition; <strong>Maryscott Greenwood<\/strong>, chef de la direction, Conseil des affaires canadiennes-am\u00e9ricaines; s\u00e9ance mod\u00e9r\u00e9e par <strong>Brendan Nobes<\/strong>, 1<sup>er<\/sup> vice-pr\u00e9sident, ACC. Commandit\u00e9 par Ledcor Group. <\/li><\/ul>\n\n\n\n<ul class=\"wp-block-list\"><li>Table ronde des PDG, mod\u00e9r\u00e9e par <strong>Charles Caza<\/strong>, 2<sup>e<\/sup> vice-pr\u00e9sident, ACC; avec les pan\u00e9listes <strong>Tim Coldwell<\/strong>, pr\u00e9sident, Chandos; <strong>Robert Hasell<\/strong>, pr\u00e9sident, Emil Anderson Construction; et <strong>Julie Zulich<\/strong>, pr\u00e9sidente et co-chef de la direction, TESC Contracting Company Ltd.<\/li><\/ul>\n\n\n\n<p>Pour de plus amples d\u00e9tails sur le Sommet de l\u2019industrie des membres de l\u2019ACC, <a href=\"https:\/\/www.cca-acc.com\/fr\/evenements\/sommet-de-industrie-des-membres\/\" target=\"_blank\" rel=\"noreferrer noopener\">cliquez ici<\/a>. Pour vous inscrire et r\u00e9server votre place, cliquez sur le lien ci-dessous.<\/p>\n\n\n<div class=\"button_left\"><a href=\"https:\/\/pheedloop.com\/2021MIS\/site\/home\/?utm_source=launch&amp;utm_medium=email&amp;utm_campaign=memberssummit&amp;utm_id=2021&amp;utm_content=registration\"  class=\" cca_purple btn_outlined\" target=\"_blank\">INSCRIVEZ-VOUS MAINTENANT<\/a>\n<\/div>\n\n\n\n\n\n<p>Vous n\u2019\u00eates pas membre de l\u2019ACC, mais vous aimeriez participer au sommet? Communiquez avec Carly Pagliarello, gestionnaire, Croissance des membres, \u00e0 <a href=\"mailto:cpagliarello@cca-acc.com\" target=\"_blank\" rel=\"noreferrer noopener\">cpagliarello@cca-acc.com<\/a>, pour discuter des avantages de devenir membre int\u00e9gr\u00e9 ou membre corporatif de l\u2019ACC.<\/p>\n","protected":false},"featured_media":22781,"menu_order":0,"template":"","class_list":["post-23777","cca_plus","type-cca_plus","status-publish","has-post-thumbnail","hentry","cca_plus_category-apercu-de-lindustrie"],"acf":[],"_links":{"self":[{"href":"https:\/\/www.cca-acc.com\/fr\/wp-json\/wp\/v2\/cca_plus\/23777","targetHints":{"allow":["GET"]}}],"collection":[{"href":"https:\/\/www.cca-acc.com\/fr\/wp-json\/wp\/v2\/cca_plus"}],"about":[{"href":"https:\/\/www.cca-acc.com\/fr\/wp-json\/wp\/v2\/types\/cca_plus"}],"version-history":[{"count":0,"href":"https:\/\/www.cca-acc.com\/fr\/wp-json\/wp\/v2\/cca_plus\/23777\/revisions"}],"wp:featuredmedia":[{"embeddable":true,"href":"https:\/\/www.cca-acc.com\/fr\/wp-json\/wp\/v2\/media\/22781"}],"wp:attachment":[{"href":"https:\/\/www.cca-acc.com\/fr\/wp-json\/wp\/v2\/media?parent=23777"}],"curies":[{"name":"wp","href":"https:\/\/api.w.org\/{rel}","templated":true}]}}

Profitez des avantages d’être membre de l’ACC

<p><strong><em>Inscrivez-vous maintenant au Sommet de l’industrie des membres de l’ACC.</em></strong></p>



<p><a href="https://pheedloop.com/2021MIS/site/home/?utm_source=launch&amp;utm_medium=email&amp;utm_campaign=memberssummit&amp;utm_id=2021&amp;utm_content=registration" target="_blank" rel="noreferrer noopener">INSCRIVEZ-VOUS DÈS AUJOURD’HUI</a> pour réserver votre place au Sommet de l’industrie des membres de l’Association canadienne de la construction (ACC) qui aura lieu le 16 septembre 2021. Cet événement virtuel d’une demi-journée est gratuit et s’adresse exclusivement aux membres de l’ACC et aux dirigeants et membres du personnel des associations partenaires.</p>



<p>Les participants au Sommet de l’industrie auront l’occasion unique d’interagir directement avec le président du conseil de l’ACC, <strong>Ray Bassett</strong>, et la présidente de l’ACC, <strong>Mary Van Buren</strong>, dans le cadre d’une discussion interactive portant sur les enjeux les plus pressants auxquels fait face l’industrie aujourd’hui et d’en apprendre plus au sujet des dossiers sur lesquels votre association nationale portera son attention au cours des prochains mois.</p>



<p>Les autres séances qui seront présentées au sommet comprennent :</p>



<ul class="wp-block-list"><li>Prévisions économiques d’automne de la construction, avec <strong>Peter Hall</strong>, vice-président et économiste en chef d’Exportation et développement Canada. Commanditaire présentateur : Borden Ladner Gervais S.E.N.C.R.L., S.R.L.<br><img loading="lazy" decoding="async" width="100" height="38" class="wp-image-23739" style="width: 100px;" src="https://www.cca-acc.com/wp-content/uploads/2021/08/BLG_Logo_CMYK_BLUE_JPEG100px.jpg" alt=""></li></ul>



<ul class="wp-block-list"><li>Vision pour l’infrastructure<strong> :</strong> Un panel de discussion sur la vision à long terme pour l’infrastructure au Canada et les possibilités connexes, avec <strong>Alex Carrick</strong>, économiste en chef, ConstructConnect; <strong>Niilo Edwards</strong>, directeur général, First Nations Major Project Coalition; <strong>Maryscott Greenwood</strong>, chef de la direction, Conseil des affaires canadiennes-américaines; séance modérée par <strong>Brendan Nobes</strong>, 1<sup>er</sup> vice-président, ACC. Commandité par Ledcor Group. </li></ul>



<ul class="wp-block-list"><li>Table ronde des PDG, modérée par <strong>Charles Caza</strong>, 2<sup>e</sup> vice-président, ACC; avec les panélistes <strong>Tim Coldwell</strong>, président, Chandos; <strong>Robert Hasell</strong>, président, Emil Anderson Construction; et <strong>Julie Zulich</strong>, présidente et co-chef de la direction, TESC Contracting Company Ltd.</li></ul>



<p>Pour de plus amples détails sur le Sommet de l’industrie des membres de l’ACC, <a href="https://www.cca-acc.com/fr/evenements/sommet-de-industrie-des-membres/" target="_blank" rel="noreferrer noopener">cliquez ici</a>. Pour vous inscrire et réserver votre place, cliquez sur le lien ci-dessous.</p>


<div class="button_left"><a href="https://pheedloop.com/2021MIS/site/home/?utm_source=launch&amp;utm_medium=email&amp;utm_campaign=memberssummit&amp;utm_id=2021&amp;utm_content=registration"  class=" cca_purple btn_outlined" target="_blank">INSCRIVEZ-VOUS MAINTENANT</a>
</div>





<p>Vous n’êtes pas membre de l’ACC, mais vous aimeriez participer au sommet? Communiquez avec Carly Pagliarello, gestionnaire, Croissance des membres, à <a href="mailto:cpagliarello@cca-acc.com" target="_blank" rel="noreferrer noopener">cpagliarello@cca-acc.com</a>, pour discuter des avantages de devenir membre intégré ou membre corporatif de l’ACC.</p>
