{"id":23795,"date":"2021-08-04T22:53:26","date_gmt":"2021-08-05T02:53:26","guid":{"rendered":"https:\/\/www.cca-acc.com\/?post_type=cca_plus&#038;p=23795"},"modified":"2021-08-31T00:54:01","modified_gmt":"2021-08-31T04:54:01","slug":"a-la-memoire-de-john-henry-ceriko","status":"publish","type":"cca_plus","link":"https:\/\/www.cca-acc.com\/fr\/plus\/a-la-memoire-de-john-henry-ceriko\/","title":{"rendered":"\u00c0 la m\u00e9moire de John Henry Ceriko"},"content":{"rendered":"\n<p><strong><strong><em><strong><em>15 ao\u00fbt 1938 \u2013 7 juillet 202<\/em><\/strong>1<\/em><\/strong><\/strong><\/p>\n\n\n\n<figure class=\"wp-block-image size-large is-resized\"><img loading=\"lazy\" decoding=\"async\" src=\"https:\/\/www.cca-acc.com\/wp-content\/uploads\/2021\/08\/92-ceriko-1.jpg\" alt=\"\" class=\"wp-image-23723\" width=\"222\" height=\"319\" srcset=\"https:\/\/www.cca-acc.com\/wp-content\/uploads\/2021\/08\/92-ceriko-1.jpg 436w, https:\/\/www.cca-acc.com\/wp-content\/uploads\/2021\/08\/92-ceriko-1-209x300.jpg 209w\" sizes=\"auto, (max-width: 222px) 100vw, 222px\" \/><\/figure>\n\n\n\n<p>C\u2019est avec une profonde tristesse que nous partageons l\u2019annonce du d\u00e9c\u00e8s de l\u2019ancien pr\u00e9sident du conseil de l\u2019ACC John Ceriko. Nous garderons de John le souvenir d\u2019un membre d\u00e9vou\u00e9 du conseil d\u2019administration de l\u2019ACC et de son mandat \u00e0 la pr\u00e9sidence du conseil de 1992. Fort de sa carri\u00e8re qui s\u2019est \u00e9chelonn\u00e9e sur plus de 50 ans, il a fait preuve d\u2019un d\u00e9vouement et d\u2019un engagement envers la construction qui ont laiss\u00e9 une empreinte ind\u00e9l\u00e9bile sur le paysage ainsi qu\u2019au sein de l\u2019industrie. De la part de nous tous \u00e0 l\u2019ACC, nous offrons nos plus sinc\u00e8res condol\u00e9ances \u00e0 la famille et aux amis de John.<\/p>\n\n\n<div class=\"button_left\"><a href=\"https:\/\/montrealgazette.remembering.ca\/obituary\/john-ceriko-1082815970\"  class=\" cca_purple btn_outlined\" target=\"_blank\">POUR PLUS DE D\u00c9TAILS <\/a>\n<\/div>\n\n\n","protected":false},"featured_media":0,"menu_order":0,"template":"","class_list":["post-23795","cca_plus","type-cca_plus","status-publish","hentry","cca_plus_category-le-coin-de-lacc"],"acf":[],"_links":{"self":[{"href":"https:\/\/www.cca-acc.com\/fr\/wp-json\/wp\/v2\/cca_plus\/23795","targetHints":{"allow":["GET"]}}],"collection":[{"href":"https:\/\/www.cca-acc.com\/fr\/wp-json\/wp\/v2\/cca_plus"}],"about":[{"href":"https:\/\/www.cca-acc.com\/fr\/wp-json\/wp\/v2\/types\/cca_plus"}],"version-history":[{"count":0,"href":"https:\/\/www.cca-acc.com\/fr\/wp-json\/wp\/v2\/cca_plus\/23795\/revisions"}],"wp:attachment":[{"href":"https:\/\/www.cca-acc.com\/fr\/wp-json\/wp\/v2\/media?parent=23795"}],"curies":[{"name":"wp","href":"https:\/\/api.w.org\/{rel}","templated":true}]}}

À la mémoire de John Henry Ceriko

<p><strong><strong><em><strong><em>15 août 1938 – 7 juillet 202</em></strong>1</em></strong></strong></p>



<figure class="wp-block-image size-large is-resized"><img loading="lazy" decoding="async" src="https://www.cca-acc.com/wp-content/uploads/2021/08/92-ceriko-1.jpg" alt="" class="wp-image-23723" width="222" height="319" srcset="https://www.cca-acc.com/wp-content/uploads/2021/08/92-ceriko-1.jpg 436w, https://www.cca-acc.com/wp-content/uploads/2021/08/92-ceriko-1-209x300.jpg 209w" sizes="auto, (max-width: 222px) 100vw, 222px" /></figure>



<p>C’est avec une profonde tristesse que nous partageons l’annonce du décès de l’ancien président du conseil de l’ACC John Ceriko. Nous garderons de John le souvenir d’un membre dévoué du conseil d’administration de l’ACC et de son mandat à la présidence du conseil de 1992. Fort de sa carrière qui s’est échelonnée sur plus de 50 ans, il a fait preuve d’un dévouement et d’un engagement envers la construction qui ont laissé une empreinte indélébile sur le paysage ainsi qu’au sein de l’industrie. De la part de nous tous à l’ACC, nous offrons nos plus sincères condoléances à la famille et aux amis de John.</p>


<div class="button_left"><a href="https://montrealgazette.remembering.ca/obituary/john-ceriko-1082815970"  class=" cca_purple btn_outlined" target="_blank">POUR PLUS DE DÉTAILS </a>
</div>
