{"id":24412,"date":"2021-09-24T15:41:41","date_gmt":"2021-09-24T19:41:41","guid":{"rendered":"https:\/\/www.cca-acc.com\/?post_type=cca_plus&#038;p=24412"},"modified":"2021-09-24T17:24:58","modified_gmt":"2021-09-24T21:24:58","slug":"mise-a-jour-post-election-2021","status":"publish","type":"cca_plus","link":"https:\/\/www.cca-acc.com\/fr\/plus\/mise-a-jour-post-election-2021\/","title":{"rendered":"Mise \u00e0 jour post-\u00e9lection"},"content":{"rendered":"\n<h3 class=\"wp-block-heading\"><strong>Qui formera le nouveau cabinet?<\/strong><\/h3>\n\n\n\n<p>Comme Trudeau a obtenu un gouvernement minoritaire et qu\u2019O\u2019Toole a remport\u00e9 le vote populaire, on s\u2019attend \u00e0 ce que le gouvernement lib\u00e9ral poursuive dans la m\u00eame voie en suivant la m\u00eame orientation politique, avec le parti NPD qui apportera probablement son soutien lorsque cela s\u2019av\u00e9rera n\u00e9cessaire. Bien que la confiance des investisseurs soit essentielle pour les entreprises, un budget \u00e9quilibr\u00e9 n\u2019est pas une priorit\u00e9 imm\u00e9diate. Le consensus de tous les partis est d\u2019augmenter la politique de d\u00e9penses budg\u00e9taires, ce qui donnera lieu \u00e0 un d\u00e9ficit qui sera sur une trajectoire semblable \u00e0 celle du budget de 2021. Les d\u00e9penses suppl\u00e9mentaires ne devraient pas cr\u00e9er de croissance, mais entra\u00eeneront une hausse de l\u2019inflation \u00e0 court terme.<\/p>\n\n\n\n<p>Pour la suite des choses, nous surveillons un certain nombre d\u2019\u00e9v\u00e9nements cl\u00e9s. Dans un premier temps, le premier ministre devra annoncer son nouveau cabinet, vraisemblablement au d\u00e9but du mois d\u2019octobre. Une des questions qui suscite vivement l\u2019int\u00e9r\u00eat de l\u2019industrie est de savoir qui remplacera McKenna comme nouveau ministre de l\u2019Infrastructure, ainsi que les postes minist\u00e9riels connexes, notamment les Finances, le Conseil du Tr\u00e9sor et Services publics et Approvisionnement Canada. Apr\u00e8s l\u2019annonce du cabinet, Trudeau devra fixer une date pour son discours du Tr\u00f4ne et pour la rentr\u00e9e parlementaire. On ne sait pas encore quand cela aura lieu, mais on s\u2019attend \u00e0 ce que ce soit plus tard en octobre et peut-\u00eatre m\u00eame au d\u00e9but de novembre. <\/p>\n\n\n\n<p>Plus que jamais, la Journ\u00e9e sur la Colline sera un \u00e9l\u00e9ment essentiel qui s\u2019inscrit dans nos efforts de d\u00e9fense des int\u00e9r\u00eats de l\u2019industrie. Le 30 novembre, les membres de l\u2019ACC auront l\u2019occasion de sensibiliser et d\u2019informer les nouveaux et anciens d\u00e9put\u00e9s au sujet de la valeur et de l\u2019importance de notre industrie pour relancer et favoriser une \u00e9conomie de croissance. Ils ajouteront leur voix \u00e0 celle de l\u2019ACC en vue de renforcer les priorit\u00e9s de l\u2019industrie, \u00e0 savoir accro\u00eetre les investissements dans les infrastructures, collaborer avec l\u2019industrie pour cr\u00e9er la main-d\u2019\u0153uvre de demain et actualiser l\u2019approche afin d\u2019am\u00e9liorer l\u2019approvisionnement \u00e9quitable et concurrentiel.<\/p>\n\n\n<div class=\"button_left\"><a href=\"https:\/\/fr.construction4cdns.ca\/\"  class=\" cca_purple btn_outlined\" target=\"_blank\">POUR EN SAVOIR PLUS, VISITEZ CONSTRUCTION4CDNS.CA<\/a>\n<\/div>\n\n\n\n\n\n<h4 class=\"wp-block-heading\"><strong>Questions?<\/strong><\/h4>\n\n\n\n<p><strong>Louis-Philippe Champagne<\/strong><br>Directeur, Relations gouvernementales et politiques<br>Association canadienne de la construction<br><a href=\"mailto:LPChampagne@CCA-ACC.com\" target=\"_blank\" rel=\"noreferrer noopener\">LPChampagne@CCA-ACC.com<\/a><\/p>\n","protected":false},"featured_media":24410,"menu_order":0,"template":"","class_list":["post-24412","cca_plus","type-cca_plus","status-publish","has-post-thumbnail","hentry","cca_plus_category-alerte-a-la-defense-des-interets"],"acf":[],"_links":{"self":[{"href":"https:\/\/www.cca-acc.com\/fr\/wp-json\/wp\/v2\/cca_plus\/24412","targetHints":{"allow":["GET"]}}],"collection":[{"href":"https:\/\/www.cca-acc.com\/fr\/wp-json\/wp\/v2\/cca_plus"}],"about":[{"href":"https:\/\/www.cca-acc.com\/fr\/wp-json\/wp\/v2\/types\/cca_plus"}],"version-history":[{"count":0,"href":"https:\/\/www.cca-acc.com\/fr\/wp-json\/wp\/v2\/cca_plus\/24412\/revisions"}],"wp:featuredmedia":[{"embeddable":true,"href":"https:\/\/www.cca-acc.com\/fr\/wp-json\/wp\/v2\/media\/24410"}],"wp:attachment":[{"href":"https:\/\/www.cca-acc.com\/fr\/wp-json\/wp\/v2\/media?parent=24412"}],"curies":[{"name":"wp","href":"https:\/\/api.w.org\/{rel}","templated":true}]}}

Mise à jour post-élection

<h3 class="wp-block-heading"><strong>Qui formera le nouveau cabinet?</strong></h3>



<p>Comme Trudeau a obtenu un gouvernement minoritaire et qu’O’Toole a remporté le vote populaire, on s’attend à ce que le gouvernement libéral poursuive dans la même voie en suivant la même orientation politique, avec le parti NPD qui apportera probablement son soutien lorsque cela s’avérera nécessaire. Bien que la confiance des investisseurs soit essentielle pour les entreprises, un budget équilibré n’est pas une priorité immédiate. Le consensus de tous les partis est d’augmenter la politique de dépenses budgétaires, ce qui donnera lieu à un déficit qui sera sur une trajectoire semblable à celle du budget de 2021. Les dépenses supplémentaires ne devraient pas créer de croissance, mais entraîneront une hausse de l’inflation à court terme.</p>



<p>Pour la suite des choses, nous surveillons un certain nombre d’événements clés. Dans un premier temps, le premier ministre devra annoncer son nouveau cabinet, vraisemblablement au début du mois d’octobre. Une des questions qui suscite vivement l’intérêt de l’industrie est de savoir qui remplacera McKenna comme nouveau ministre de l’Infrastructure, ainsi que les postes ministériels connexes, notamment les Finances, le Conseil du Trésor et Services publics et Approvisionnement Canada. Après l’annonce du cabinet, Trudeau devra fixer une date pour son discours du Trône et pour la rentrée parlementaire. On ne sait pas encore quand cela aura lieu, mais on s’attend à ce que ce soit plus tard en octobre et peut-être même au début de novembre. </p>



<p>Plus que jamais, la Journée sur la Colline sera un élément essentiel qui s’inscrit dans nos efforts de défense des intérêts de l’industrie. Le 30 novembre, les membres de l’ACC auront l’occasion de sensibiliser et d’informer les nouveaux et anciens députés au sujet de la valeur et de l’importance de notre industrie pour relancer et favoriser une économie de croissance. Ils ajouteront leur voix à celle de l’ACC en vue de renforcer les priorités de l’industrie, à savoir accroître les investissements dans les infrastructures, collaborer avec l’industrie pour créer la main-d’œuvre de demain et actualiser l’approche afin d’améliorer l’approvisionnement équitable et concurrentiel.</p>


<div class="button_left"><a href="https://fr.construction4cdns.ca/"  class=" cca_purple btn_outlined" target="_blank">POUR EN SAVOIR PLUS, VISITEZ CONSTRUCTION4CDNS.CA</a>
</div>





<h4 class="wp-block-heading"><strong>Questions?</strong></h4>



<p><strong>Louis-Philippe Champagne</strong><br>Directeur, Relations gouvernementales et politiques<br>Association canadienne de la construction<br><a href="mailto:LPChampagne@CCA-ACC.com" target="_blank" rel="noreferrer noopener">LPChampagne@CCA-ACC.com</a></p>
