{"id":25932,"date":"2021-11-24T10:00:19","date_gmt":"2021-11-24T15:00:19","guid":{"rendered":"https:\/\/www.cca-acc.com\/?post_type=cca_plus&#038;p=25932"},"modified":"2021-11-24T12:24:08","modified_gmt":"2021-11-24T17:24:08","slug":"le-mot-dordre-de-la-journee-sur-la-colline-le-30-november-investir-dans-les-infrastructures","status":"publish","type":"cca_plus","link":"https:\/\/www.cca-acc.com\/fr\/plus\/le-mot-dordre-de-la-journee-sur-la-colline-le-30-november-investir-dans-les-infrastructures\/","title":{"rendered":"Le mot d\u2019ordre de la Journ\u00e9e sur la Colline le 30 novembre : investir dans les infrastructures"},"content":{"rendered":"\n<p>Chaque ann\u00e9e, des membres de l\u2019ACC de partout au Canada se r\u00e9unissent \u00e0 Ottawa pour rencontrer des parlementaires afin de faire valoir les enjeux d\u2019importance nationale pour l\u2019industrie de la construction. En 2020, en raison des restrictions li\u00e9es \u00e0 la COVID-19, nous avons d\u00fb organiser un \u00e9v\u00e9nement virtuel <em>Le Parlement chez vous<\/em>. Avec les changements importants dans le cabinet des ministres, sans compter le retour des d\u00e9put\u00e9s et des s\u00e9nateurs \u00e0 la Colline du Parlement, nous sommes ravis de r\u00e9unir plus de 60&nbsp;membres de l\u2019industrie \u00e0 Ottawa pour participer \u00e0 la Journ\u00e9e sur la Colline de 2021.<\/p>\n\n\n\n<p>La relance \u00e9conomique \u00e9tant une priorit\u00e9 absolue pour tous les Canadiens, l\u2019industrie canadienne de la construction demande au gouvernement f\u00e9d\u00e9ral ce qui suit&nbsp;: <strong><em>Investir dans le Canada. Investir dans les Canadiens. Investir dans les infrastructures.<\/em><\/strong><\/p>\n\n\n<div class=\"button_left\"><a href=\"https:\/\/www.cca-acc.com\/advocacy\/get-involved\/hill-day-2021\/\"  class=\" cca_purple btn_outlined\" target=\"_blank\">POUR EN APPRENDRE PLUS AU SUJET DES ENJEUX <\/a>\n<\/div>\n\n\n\n\n\n<p>Alors que le monde se remet de la pand\u00e9mie, il est temps d\u2019agir et d\u2019investir pour aider les gens, les entreprises, les familles et les collectivit\u00e9s \u00e0 prosp\u00e9rer maintenant et pendant des ann\u00e9es \u00e0 venir. La construction sera un secteur n\u00e9vralgique qui stimulera l\u2019\u00e9conomie future du Canada, en cr\u00e9ant des emplois, en connectant les collectivit\u00e9s et les pays et en augmentant la confiance dans les d\u00e9penses de consommation et les investissements priv\u00e9s.<\/p>\n\n\n\n<p>Le Canada est \u00e0 une crois\u00e9e des chemins historique pour b\u00e2tir un avenir meilleur et plus radieux \u2015 un avenir qui appuie une croissance durable et qui est avantageux pour tous les Canadiens. Alors, mettons-nous \u00e0 l\u2019\u0153uvre!<\/p>\n\n\n\n<figure class=\"wp-block-image size-large\"><img loading=\"lazy\" decoding=\"async\" width=\"960\" height=\"160\" src=\"https:\/\/www.cca-acc.com\/wp-content\/uploads\/2021\/11\/parliament960.jpg\" alt=\"\" class=\"wp-image-25891\" srcset=\"https:\/\/www.cca-acc.com\/wp-content\/uploads\/2021\/11\/parliament960.jpg 960w, https:\/\/www.cca-acc.com\/wp-content\/uploads\/2021\/11\/parliament960-600x100.jpg 600w, https:\/\/www.cca-acc.com\/wp-content\/uploads\/2021\/11\/parliament960-300x50.jpg 300w, https:\/\/www.cca-acc.com\/wp-content\/uploads\/2021\/11\/parliament960-768x128.jpg 768w\" sizes=\"auto, (max-width: 960px) 100vw, 960px\" \/><\/figure>\n","protected":false},"featured_media":25936,"menu_order":0,"template":"","class_list":["post-25932","cca_plus","type-cca_plus","status-publish","has-post-thumbnail","hentry","cca_plus_category-alerte-a-la-defense-des-interets"],"acf":[],"_links":{"self":[{"href":"https:\/\/www.cca-acc.com\/fr\/wp-json\/wp\/v2\/cca_plus\/25932","targetHints":{"allow":["GET"]}}],"collection":[{"href":"https:\/\/www.cca-acc.com\/fr\/wp-json\/wp\/v2\/cca_plus"}],"about":[{"href":"https:\/\/www.cca-acc.com\/fr\/wp-json\/wp\/v2\/types\/cca_plus"}],"version-history":[{"count":0,"href":"https:\/\/www.cca-acc.com\/fr\/wp-json\/wp\/v2\/cca_plus\/25932\/revisions"}],"wp:featuredmedia":[{"embeddable":true,"href":"https:\/\/www.cca-acc.com\/fr\/wp-json\/wp\/v2\/media\/25936"}],"wp:attachment":[{"href":"https:\/\/www.cca-acc.com\/fr\/wp-json\/wp\/v2\/media?parent=25932"}],"curies":[{"name":"wp","href":"https:\/\/api.w.org\/{rel}","templated":true}]}}

Le mot d’ordre de la Journée sur la Colline le 30 novembre : investir dans les infrastructures

<p>Chaque année, des membres de l’ACC de partout au Canada se réunissent à Ottawa pour rencontrer des parlementaires afin de faire valoir les enjeux d’importance nationale pour l’industrie de la construction. En 2020, en raison des restrictions liées à la COVID-19, nous avons dû organiser un événement virtuel <em>Le Parlement chez vous</em>. Avec les changements importants dans le cabinet des ministres, sans compter le retour des députés et des sénateurs à la Colline du Parlement, nous sommes ravis de réunir plus de 60&nbsp;membres de l’industrie à Ottawa pour participer à la Journée sur la Colline de 2021.</p>



<p>La relance économique étant une priorité absolue pour tous les Canadiens, l’industrie canadienne de la construction demande au gouvernement fédéral ce qui suit&nbsp;: <strong><em>Investir dans le Canada. Investir dans les Canadiens. Investir dans les infrastructures.</em></strong></p>


<div class="button_left"><a href="https://www.cca-acc.com/advocacy/get-involved/hill-day-2021/"  class=" cca_purple btn_outlined" target="_blank">POUR EN APPRENDRE PLUS AU SUJET DES ENJEUX </a>
</div>





<p>Alors que le monde se remet de la pandémie, il est temps d’agir et d’investir pour aider les gens, les entreprises, les familles et les collectivités à prospérer maintenant et pendant des années à venir. La construction sera un secteur névralgique qui stimulera l’économie future du Canada, en créant des emplois, en connectant les collectivités et les pays et en augmentant la confiance dans les dépenses de consommation et les investissements privés.</p>



<p>Le Canada est à une croisée des chemins historique pour bâtir un avenir meilleur et plus radieux ― un avenir qui appuie une croissance durable et qui est avantageux pour tous les Canadiens. Alors, mettons-nous à l’œuvre!</p>



<figure class="wp-block-image size-large"><img loading="lazy" decoding="async" width="960" height="160" src="https://www.cca-acc.com/wp-content/uploads/2021/11/parliament960.jpg" alt="" class="wp-image-25891" srcset="https://www.cca-acc.com/wp-content/uploads/2021/11/parliament960.jpg 960w, https://www.cca-acc.com/wp-content/uploads/2021/11/parliament960-600x100.jpg 600w, https://www.cca-acc.com/wp-content/uploads/2021/11/parliament960-300x50.jpg 300w, https://www.cca-acc.com/wp-content/uploads/2021/11/parliament960-768x128.jpg 768w" sizes="auto, (max-width: 960px) 100vw, 960px" /></figure>
