{"id":26540,"date":"2021-12-22T10:00:49","date_gmt":"2021-12-22T15:00:49","guid":{"rendered":"https:\/\/www.cca-acc.com\/?post_type=cca_plus&#038;p=26540"},"modified":"2021-12-13T14:40:40","modified_gmt":"2021-12-13T19:40:40","slug":"jordin-tootoo-ancien-joueur-de-la-lnh-donnera-le-coup-denvoi-a-la-conference-annuelle-de-lacc","status":"publish","type":"cca_plus","link":"https:\/\/www.cca-acc.com\/fr\/plus\/jordin-tootoo-ancien-joueur-de-la-lnh-donnera-le-coup-denvoi-a-la-conference-annuelle-de-lacc\/","title":{"rendered":"Jordin Tootoo, ancien joueur de la LNH, donnera le coup d\u2019envoi \u00e0 la conf\u00e9rence annuelle de l\u2019ACC"},"content":{"rendered":"\n<p>Lors de la conf\u00e9rence annuelle de 2022 de l\u2019ACC, la \u00ab&nbsp;mise au jeu officielle&nbsp;\u00bb sera assur\u00e9e par Jordin Tootoo, joueur retrait\u00e9 de la LNH devenu leader communautaire et d\u00e9fenseur de la sant\u00e9 mentale, qui fera part de ses r\u00e9flexions sur le leadership et la cr\u00e9ation d\u2019une culture ax\u00e9e sur le travail d\u2019\u00e9quipe exceptionnel.<\/p>\n\n\n<div class=\"button_left\"><a href=\"https:\/\/www.cca-acc.com\/fr\/evenements\/conference-annuelle-acc\/\"  class=\" cca_purple btn_outlined\" target=\"_blank\">Joignez-vous \u00e0 nous \u00e0 Vancouver!<\/a>\n<\/div>\n\n\n\n\n\n<p><\/p>\n\n\n\n<p>Fort de sa carri\u00e8re de 13 ans sur la glace et premier joueur inuit \u00e0 \u00eatre rep\u00each\u00e9 par la ligue nationale, Jordin Tootoo se consacre d\u00e9sormais aux communaut\u00e9s qu\u2019il conna\u00eet et qu\u2019il aime. Porteur d\u2019un message d\u2019inclusion inspir\u00e9e de son exp\u00e9rience, Jordin souligne l\u2019importance et la n\u00e9cessit\u00e9 d\u2019un v\u00e9ritable travail d\u2019\u00e9quipe, tant dans nos milieux de travail que dans nos communaut\u00e9s sociales.<\/p>\n\n\n\n<p>Dans son discours passionnant qui relate ses ann\u00e9es sur la glace et sa vie en g\u00e9n\u00e9ral, les participants \u00e0 la conf\u00e9rence seront inspir\u00e9s par ses paroles \u00e9mouvantes et opportunes sur le courage et la r\u00e9silience, l\u2019\u00e9tablissement d\u2019objectifs, les efforts pour vaincre l\u2019adversit\u00e9 dans la poursuite de l\u2019excellence et comment la vie peut \u00eatre am\u00e9lior\u00e9e gr\u00e2ce \u00e0 une intendance avis\u00e9e.<\/p>\n\n\n\n<p>La conf\u00e9rence annuelle de l\u2019ACC aura lieu \u00e0 Vancouver du 8 au 11 mars 2022, aux h\u00f4tels JW Marriott Parq Vancouver et The Douglas.<\/p>\n\n\n\n<p>Visitez le <a href=\"https:\/\/www.cca-acc.com\/fr\/evenements\/conference-annuelle-acc\/\" target=\"_blank\" rel=\"noreferrer noopener\">site Web de la conf\u00e9rence<\/a> pour obtenir de plus amples d\u00e9tails sur le <a href=\"https:\/\/www.cca-acc.com\/fr\/evenements\/conference-annuelle-acc\/programme\/\" target=\"_blank\" rel=\"noreferrer noopener\">programme<\/a> et des renseignements sur l\u2019<a rel=\"noreferrer noopener\" href=\"https:\/\/www.cca-acc.com\/fr\/evenements\/conference-annuelle-acc\/#:~:text=INSCRIVEZ-VOUS%20MAINTENANT%C2%A0\" target=\"_blank\">inscription<\/a> et l\u2019<a href=\"https:\/\/www.cca-acc.com\/fr\/evenements\/conference-annuelle-acc\/destination-information\" target=\"_blank\" rel=\"noreferrer noopener\">h\u00e9bergement<\/a>.<\/p>\n\n\n\n<p>Les <strong>tarifs d\u2019inscription h\u00e2tive prennent fin le 7 janvier 2022<\/strong>. Inscrivez-vous d\u00e8s aujourd\u2019hui pour r\u00e9server votre place.<\/p>\n","protected":false},"featured_media":26532,"menu_order":0,"template":"","class_list":["post-26540","cca_plus","type-cca_plus","status-publish","has-post-thumbnail","hentry","cca_plus_category-apercu-de-lindustrie"],"acf":[],"_links":{"self":[{"href":"https:\/\/www.cca-acc.com\/fr\/wp-json\/wp\/v2\/cca_plus\/26540","targetHints":{"allow":["GET"]}}],"collection":[{"href":"https:\/\/www.cca-acc.com\/fr\/wp-json\/wp\/v2\/cca_plus"}],"about":[{"href":"https:\/\/www.cca-acc.com\/fr\/wp-json\/wp\/v2\/types\/cca_plus"}],"version-history":[{"count":0,"href":"https:\/\/www.cca-acc.com\/fr\/wp-json\/wp\/v2\/cca_plus\/26540\/revisions"}],"wp:featuredmedia":[{"embeddable":true,"href":"https:\/\/www.cca-acc.com\/fr\/wp-json\/wp\/v2\/media\/26532"}],"wp:attachment":[{"href":"https:\/\/www.cca-acc.com\/fr\/wp-json\/wp\/v2\/media?parent=26540"}],"curies":[{"name":"wp","href":"https:\/\/api.w.org\/{rel}","templated":true}]}}

Jordin Tootoo, ancien joueur de la LNH, donnera le coup d’envoi à la conférence annuelle de l’ACC

<p>Lors de la conférence annuelle de 2022 de l’ACC, la «&nbsp;mise au jeu officielle&nbsp;» sera assurée par Jordin Tootoo, joueur retraité de la LNH devenu leader communautaire et défenseur de la santé mentale, qui fera part de ses réflexions sur le leadership et la création d’une culture axée sur le travail d’équipe exceptionnel.</p>


<div class="button_left"><a href="https://www.cca-acc.com/fr/evenements/conference-annuelle-acc/"  class=" cca_purple btn_outlined" target="_blank">Joignez-vous à nous à Vancouver!</a>
</div>





<p></p>



<p>Fort de sa carrière de 13 ans sur la glace et premier joueur inuit à être repêché par la ligue nationale, Jordin Tootoo se consacre désormais aux communautés qu’il connaît et qu’il aime. Porteur d’un message d’inclusion inspirée de son expérience, Jordin souligne l’importance et la nécessité d’un véritable travail d’équipe, tant dans nos milieux de travail que dans nos communautés sociales.</p>



<p>Dans son discours passionnant qui relate ses années sur la glace et sa vie en général, les participants à la conférence seront inspirés par ses paroles émouvantes et opportunes sur le courage et la résilience, l’établissement d’objectifs, les efforts pour vaincre l’adversité dans la poursuite de l’excellence et comment la vie peut être améliorée grâce à une intendance avisée.</p>



<p>La conférence annuelle de l’ACC aura lieu à Vancouver du 8 au 11 mars 2022, aux hôtels JW Marriott Parq Vancouver et The Douglas.</p>



<p>Visitez le <a href="https://www.cca-acc.com/fr/evenements/conference-annuelle-acc/" target="_blank" rel="noreferrer noopener">site Web de la conférence</a> pour obtenir de plus amples détails sur le <a href="https://www.cca-acc.com/fr/evenements/conference-annuelle-acc/programme/" target="_blank" rel="noreferrer noopener">programme</a> et des renseignements sur l’<a rel="noreferrer noopener" href="https://www.cca-acc.com/fr/evenements/conference-annuelle-acc/#:~:text=INSCRIVEZ-VOUS%20MAINTENANT%C2%A0" target="_blank">inscription</a> et l’<a href="https://www.cca-acc.com/fr/evenements/conference-annuelle-acc/destination-information" target="_blank" rel="noreferrer noopener">hébergement</a>.</p>



<p>Les <strong>tarifs d’inscription hâtive prennent fin le 7 janvier 2022</strong>. Inscrivez-vous dès aujourd’hui pour réserver votre place.</p>
