{"id":26872,"date":"2022-01-05T16:09:04","date_gmt":"2022-01-05T21:09:04","guid":{"rendered":"https:\/\/www.cca-acc.com\/?post_type=cca_plus&#038;p=26872"},"modified":"2022-01-05T16:09:07","modified_gmt":"2022-01-05T21:09:07","slug":"une-nouvelle-annee-une-periode-de-reflexion-de-renouvellement","status":"publish","type":"cca_plus","link":"https:\/\/www.cca-acc.com\/fr\/plus\/une-nouvelle-annee-une-periode-de-reflexion-de-renouvellement\/","title":{"rendered":"Une nouvelle ann\u00e9e : une p\u00e9riode de r\u00e9flexion, de renouvellement"},"content":{"rendered":"\n<p><em>par Mary Van Buren<br>Pr\u00e9sidente de l\u2019ACC<\/em><\/p>\n\n\n\n<p>\u00c0 l\u2019aube de 2022, nous pouvons r\u00e9fl\u00e9chir aux nombreux succ\u00e8s et d\u00e9fis de l\u2019ann\u00e9e \u00e9coul\u00e9e, alors que nous nous ressour\u00e7ons pour pr\u00e9parer la prochaine ann\u00e9e et \u00e9laborer un nouveau plan strat\u00e9gique triennal.<\/p>\n\n\n\n<p>Nous &#8211; notre industrie, l\u2019ACC et nos associations partenaires int\u00e9gr\u00e9es qui vous servent &#8211; avons fait preuve de r\u00e9silience au cours d\u2019une ann\u00e9e qui a continu\u00e9 d\u2019\u00eatre parsem\u00e9e d\u2019\u00e9preuves pour nous tous. Et nous avons vu quelques lueurs d\u2019espoir alors que nous avons eu l\u2019occasion de nous r\u00e9unir pour la premi\u00e8re fois en presque deux ans et resserrer les liens qui nous ont si bien servis tout au long de la pand\u00e9mie.<\/p>\n\n\n\n<p>Nous pouvons \u00e9galement \u00eatre fiers des efforts extraordinaires que nous avons d\u00e9ploy\u00e9s tout au long de l\u2019ann\u00e9e pour veiller \u00e0 la s\u00e9curit\u00e9 de nos travailleurs et am\u00e9liorer la diversit\u00e9 de la main-d\u2019\u0153uvre.<\/p>\n\n\n\n<p>En tournant notre regard vers 2022, nous pouvons voir que notre secteur est non seulement r\u00e9silient, il ouvre aussi la voie vers une \u00e9conomie plus verte, plus inclusive et ax\u00e9e sur le commerce. L\u2019ACC entend intensifier ses efforts en mati\u00e8re de d\u00e9fense des int\u00e9r\u00eats pour faire en sorte que les investissements dans les infrastructures ne soient pas une r\u00e9flexion rel\u00e9gu\u00e9e au rang des consid\u00e9rations secondaires, mais plut\u00f4t des investissements d\u00e9lib\u00e9r\u00e9s. Nous avons jet\u00e9 les bases de ce message aupr\u00e8s des parlementaires \u00e0 la fin novembre lors de notre premi\u00e8re Journ\u00e9e sur la Colline en personne depuis deux ans, o\u00f9 plus de 55 membres de l\u2019industrie ont pu faire valoir notre message.<\/p>\n\n\n\n<p>L\u2019ACC travaille sans rel\u00e2che en votre nom&#8230; mais nous comptons \u00e9galement sur votre voix pour faire entendre haut et fort notre message.<\/p>\n\n\n\n<p class=\"has-text-align-center\"><a href=\"https:\/\/www.cca-acc.com\/fr\/defense-des-interets\/impliquez-vous\/investir-dans-le-canada\/\" target=\"_blank\" rel=\"noreferrer noopener\">Investir dans le Canada.<\/a> <br><a href=\"https:\/\/www.cca-acc.com\/fr\/defense-des-interets\/impliquez-vous\/investir-dans-le-canada\/\" target=\"_blank\" rel=\"noreferrer noopener\">Investir dans les Canadiens.<\/a><br><a href=\"https:\/\/www.cca-acc.com\/fr\/defense-des-interets\/impliquez-vous\/investir-dans-le-canada\/\" target=\"_blank\" rel=\"noreferrer noopener\">Investir dans les infrastructures.<\/a><\/p>\n\n\n\n<p>Notre message est ax\u00e9 sur trois demandes : (1) des investissements coh\u00e9rents et pr\u00e9visibles dans les infrastructures; (2) le recrutement d\u2019une main-d\u2019\u0153uvre qualifi\u00e9e; et (3) la modernisation de l\u2019approvisionnement pour cr\u00e9er un processus \u00e9quitable et transparent. Veuillez prendre quelques minutes pour passer en revue ces messages, afin que vous puissiez \u00e9galement les communiquer avec conviction lors de vos rencontres avec les repr\u00e9sentants de votre gouvernement local.&nbsp;<\/p>\n\n\n\n<p>Je suis tr\u00e8s fi\u00e8re de diriger l\u2019ACC en collaboration avec mes coll\u00e8gues des associations partenaires dans l\u2019ensemble du pays. Je suis \u00e9galement reconnaissante envers les plus de 125 b\u00e9n\u00e9voles qui mettent \u00e0 profit leur expertise et consacre leur temps pour si\u00e9ger au conseil d\u2019administration, aux comit\u00e9s, aux conseils consultatifs et aux groupes de travail de l\u2019ACC. Enfin, le personnel de l\u2019ACC a su encore une fois relever la barre au cours de la derni\u00e8re ann\u00e9e et attend avec impatience de vous servir en 2022. <\/p>\n\n\n\n<p>Je me r\u00e9jouis aussi \u00e0 la perspective de vous voir nombreux \u00e0 Vancouver lors de la <strong>Conf\u00e9rence annuelle de l\u2019ACC de 2022<\/strong>, qui aura lieu <strong>du 8 au 11 mars<\/strong>. Le programme vous propose des possibilit\u00e9s d\u2019apprentissage in\u00e9gal\u00e9es sur les sujets qui vous tiennent le plus \u00e0 c\u0153ur, sans compter des discussions int\u00e9ressantes avec vos pairs et vos coll\u00e8gues; alors ne ratez pas cette occasion et inscrivez-vous en cliquant sur ce lien : <a href=\"https:\/\/www.cca-acc.com\/fr\/evenements\/conference-annuelle-acc\/\" target=\"_blank\" rel=\"noreferrer noopener\">cca-acc.com\/fr\/evenements\/conference-annuelle-acc\/<\/a>.<\/p>\n\n\n\n<p><\/p>\n","protected":false},"featured_media":26907,"menu_order":0,"template":"","class_list":["post-26872","cca_plus","type-cca_plus","status-publish","has-post-thumbnail","hentry","cca_plus_category-le-coin-de-lacc"],"acf":[],"_links":{"self":[{"href":"https:\/\/www.cca-acc.com\/fr\/wp-json\/wp\/v2\/cca_plus\/26872","targetHints":{"allow":["GET"]}}],"collection":[{"href":"https:\/\/www.cca-acc.com\/fr\/wp-json\/wp\/v2\/cca_plus"}],"about":[{"href":"https:\/\/www.cca-acc.com\/fr\/wp-json\/wp\/v2\/types\/cca_plus"}],"version-history":[{"count":0,"href":"https:\/\/www.cca-acc.com\/fr\/wp-json\/wp\/v2\/cca_plus\/26872\/revisions"}],"wp:featuredmedia":[{"embeddable":true,"href":"https:\/\/www.cca-acc.com\/fr\/wp-json\/wp\/v2\/media\/26907"}],"wp:attachment":[{"href":"https:\/\/www.cca-acc.com\/fr\/wp-json\/wp\/v2\/media?parent=26872"}],"curies":[{"name":"wp","href":"https:\/\/api.w.org\/{rel}","templated":true}]}}

Une nouvelle année : une période de réflexion, de renouvellement

<p><em>par Mary Van Buren<br>Présidente de l’ACC</em></p>



<p>À l’aube de 2022, nous pouvons réfléchir aux nombreux succès et défis de l’année écoulée, alors que nous nous ressourçons pour préparer la prochaine année et élaborer un nouveau plan stratégique triennal.</p>



<p>Nous &#8211; notre industrie, l’ACC et nos associations partenaires intégrées qui vous servent &#8211; avons fait preuve de résilience au cours d’une année qui a continué d’être parsemée d’épreuves pour nous tous. Et nous avons vu quelques lueurs d’espoir alors que nous avons eu l’occasion de nous réunir pour la première fois en presque deux ans et resserrer les liens qui nous ont si bien servis tout au long de la pandémie.</p>



<p>Nous pouvons également être fiers des efforts extraordinaires que nous avons déployés tout au long de l’année pour veiller à la sécurité de nos travailleurs et améliorer la diversité de la main-d’œuvre.</p>



<p>En tournant notre regard vers 2022, nous pouvons voir que notre secteur est non seulement résilient, il ouvre aussi la voie vers une économie plus verte, plus inclusive et axée sur le commerce. L’ACC entend intensifier ses efforts en matière de défense des intérêts pour faire en sorte que les investissements dans les infrastructures ne soient pas une réflexion reléguée au rang des considérations secondaires, mais plutôt des investissements délibérés. Nous avons jeté les bases de ce message auprès des parlementaires à la fin novembre lors de notre première Journée sur la Colline en personne depuis deux ans, où plus de 55 membres de l’industrie ont pu faire valoir notre message.</p>



<p>L’ACC travaille sans relâche en votre nom&#8230; mais nous comptons également sur votre voix pour faire entendre haut et fort notre message.</p>



<p class="has-text-align-center"><a href="https://www.cca-acc.com/fr/defense-des-interets/impliquez-vous/investir-dans-le-canada/" target="_blank" rel="noreferrer noopener">Investir dans le Canada.</a> <br><a href="https://www.cca-acc.com/fr/defense-des-interets/impliquez-vous/investir-dans-le-canada/" target="_blank" rel="noreferrer noopener">Investir dans les Canadiens.</a><br><a href="https://www.cca-acc.com/fr/defense-des-interets/impliquez-vous/investir-dans-le-canada/" target="_blank" rel="noreferrer noopener">Investir dans les infrastructures.</a></p>



<p>Notre message est axé sur trois demandes : (1) des investissements cohérents et prévisibles dans les infrastructures; (2) le recrutement d’une main-d’œuvre qualifiée; et (3) la modernisation de l’approvisionnement pour créer un processus équitable et transparent. Veuillez prendre quelques minutes pour passer en revue ces messages, afin que vous puissiez également les communiquer avec conviction lors de vos rencontres avec les représentants de votre gouvernement local.&nbsp;</p>



<p>Je suis très fière de diriger l’ACC en collaboration avec mes collègues des associations partenaires dans l’ensemble du pays. Je suis également reconnaissante envers les plus de 125 bénévoles qui mettent à profit leur expertise et consacre leur temps pour siéger au conseil d’administration, aux comités, aux conseils consultatifs et aux groupes de travail de l’ACC. Enfin, le personnel de l’ACC a su encore une fois relever la barre au cours de la dernière année et attend avec impatience de vous servir en 2022. </p>



<p>Je me réjouis aussi à la perspective de vous voir nombreux à Vancouver lors de la <strong>Conférence annuelle de l’ACC de 2022</strong>, qui aura lieu <strong>du 8 au 11 mars</strong>. Le programme vous propose des possibilités d’apprentissage inégalées sur les sujets qui vous tiennent le plus à cœur, sans compter des discussions intéressantes avec vos pairs et vos collègues; alors ne ratez pas cette occasion et inscrivez-vous en cliquant sur ce lien : <a href="https://www.cca-acc.com/fr/evenements/conference-annuelle-acc/" target="_blank" rel="noreferrer noopener">cca-acc.com/fr/evenements/conference-annuelle-acc/</a>.</p>



<p></p>
