{"id":27019,"date":"2022-01-17T09:00:16","date_gmt":"2022-01-17T14:00:16","guid":{"rendered":"https:\/\/www.cca-acc.com\/?post_type=cca_plus&#038;p=27019"},"modified":"2022-01-14T09:44:46","modified_gmt":"2022-01-14T14:44:46","slug":"lacc-rencontre-la-nouvelle-ministre-de-spac-pour-discuter-des-enjeux-cles-auxquels-fait-face-lindustrie","status":"publish","type":"cca_plus","link":"https:\/\/www.cca-acc.com\/fr\/plus\/lacc-rencontre-la-nouvelle-ministre-de-spac-pour-discuter-des-enjeux-cles-auxquels-fait-face-lindustrie\/","title":{"rendered":"L\u2019ACC rencontre la nouvelle ministre de SPAC pour discuter des enjeux cl\u00e9s auxquels fait face l\u2019industrie"},"content":{"rendered":"\n<p>Le 7 d\u00e9cembre dernier, l\u2019ACC a particip\u00e9 \u00e0 la rencontre semestrielle du lac Meech au cours de laquelle des experts du secteur de la construction ont rencontr\u00e9 des hauts fonctionnaires du gouvernement du Canada pour discuter des enjeux importants qui touchent l\u2019industrie.<\/p>\n\n\n\n<p>L\u2019ACC a pr\u00e9sent\u00e9 les points de vue de l\u2019industrie \u00e0 l\u2019honorable Filomena Tassi, ministre de Services publics et Approvisionnement Canada (SPAC), ainsi qu\u2019\u00e0 d\u2019autres hauts fonctionnaires d\u2019Emploi et D\u00e9veloppement social Canada, du Secr\u00e9tariat du Conseil du Tr\u00e9sor, du minist\u00e8re de la D\u00e9fense nationale et d\u2019autres minist\u00e8res pertinents.<\/p>\n\n\n\n<p>Parmi les sujets abord\u00e9s figuraient les retards dans l\u2019\u00e9laboration du r\u00e8glement sur le paiement rapide dans l\u2019industrie de la construction, les obstacles cr\u00e9\u00e9s par le Programme de s\u00e9curit\u00e9 des contrats, l\u2019examen des diff\u00e9rents mod\u00e8les de prestation de services pour am\u00e9liorer la productivit\u00e9 et r\u00e9duire les co\u00fbts de projets, ainsi que les prochaines \u00e9tapes de l\u2019\u00c9valuation nationale des infrastructures. Une rencontre de suivi est pr\u00e9vue au printemps pour faire avancer ces enjeux importants. En travaillant de concert avec le gouvernement du Canada, l\u2019industrie de la construction peut continuer \u00e0 b\u00e2tir des infrastructures r\u00e9silientes et durables dans l\u2019int\u00e9r\u00eat et pour le bien-\u00eatre de l\u2019ensemble de la population du Canada.<\/p>\n\n\n\n<figure class=\"wp-block-image size-large\"><img loading=\"lazy\" decoding=\"async\" width=\"1024\" height=\"617\" src=\"https:\/\/www.cca-acc.com\/wp-content\/uploads\/2022\/01\/MeechLake-Screenshot-255-256-257-1024x617.jpg\" alt=\"\" class=\"wp-image-27015\" srcset=\"https:\/\/www.cca-acc.com\/wp-content\/uploads\/2022\/01\/MeechLake-Screenshot-255-256-257-1024x617.jpg 1024w, https:\/\/www.cca-acc.com\/wp-content\/uploads\/2022\/01\/MeechLake-Screenshot-255-256-257-600x362.jpg 600w, https:\/\/www.cca-acc.com\/wp-content\/uploads\/2022\/01\/MeechLake-Screenshot-255-256-257-300x181.jpg 300w, https:\/\/www.cca-acc.com\/wp-content\/uploads\/2022\/01\/MeechLake-Screenshot-255-256-257-768x463.jpg 768w, https:\/\/www.cca-acc.com\/wp-content\/uploads\/2022\/01\/MeechLake-Screenshot-255-256-257-1536x926.jpg 1536w, https:\/\/www.cca-acc.com\/wp-content\/uploads\/2022\/01\/MeechLake-Screenshot-255-256-257-2048x1235.jpg 2048w, https:\/\/www.cca-acc.com\/wp-content\/uploads\/2022\/01\/MeechLake-Screenshot-255-256-257-1200x723.jpg 1200w, https:\/\/www.cca-acc.com\/wp-content\/uploads\/2022\/01\/MeechLake-Screenshot-255-256-257-1980x1194.jpg 1980w\" sizes=\"auto, (max-width: 1024px) 100vw, 1024px\" \/><\/figure>\n\n\n\n<p><\/p>\n","protected":false},"featured_media":0,"menu_order":0,"template":"","class_list":["post-27019","cca_plus","type-cca_plus","status-publish","hentry","cca_plus_category-alerte-a-la-defense-des-interets"],"acf":[],"_links":{"self":[{"href":"https:\/\/www.cca-acc.com\/fr\/wp-json\/wp\/v2\/cca_plus\/27019","targetHints":{"allow":["GET"]}}],"collection":[{"href":"https:\/\/www.cca-acc.com\/fr\/wp-json\/wp\/v2\/cca_plus"}],"about":[{"href":"https:\/\/www.cca-acc.com\/fr\/wp-json\/wp\/v2\/types\/cca_plus"}],"version-history":[{"count":0,"href":"https:\/\/www.cca-acc.com\/fr\/wp-json\/wp\/v2\/cca_plus\/27019\/revisions"}],"wp:attachment":[{"href":"https:\/\/www.cca-acc.com\/fr\/wp-json\/wp\/v2\/media?parent=27019"}],"curies":[{"name":"wp","href":"https:\/\/api.w.org\/{rel}","templated":true}]}}

L’ACC rencontre la nouvelle ministre de SPAC pour discuter des enjeux clés auxquels fait face l’industrie

<p>Le 7 décembre dernier, l’ACC a participé à la rencontre semestrielle du lac Meech au cours de laquelle des experts du secteur de la construction ont rencontré des hauts fonctionnaires du gouvernement du Canada pour discuter des enjeux importants qui touchent l’industrie.</p>



<p>L’ACC a présenté les points de vue de l’industrie à l’honorable Filomena Tassi, ministre de Services publics et Approvisionnement Canada (SPAC), ainsi qu’à d’autres hauts fonctionnaires d’Emploi et Développement social Canada, du Secrétariat du Conseil du Trésor, du ministère de la Défense nationale et d’autres ministères pertinents.</p>



<p>Parmi les sujets abordés figuraient les retards dans l’élaboration du règlement sur le paiement rapide dans l’industrie de la construction, les obstacles créés par le Programme de sécurité des contrats, l’examen des différents modèles de prestation de services pour améliorer la productivité et réduire les coûts de projets, ainsi que les prochaines étapes de l’Évaluation nationale des infrastructures. Une rencontre de suivi est prévue au printemps pour faire avancer ces enjeux importants. En travaillant de concert avec le gouvernement du Canada, l’industrie de la construction peut continuer à bâtir des infrastructures résilientes et durables dans l’intérêt et pour le bien-être de l’ensemble de la population du Canada.</p>



<figure class="wp-block-image size-large"><img loading="lazy" decoding="async" width="1024" height="617" src="https://www.cca-acc.com/wp-content/uploads/2022/01/MeechLake-Screenshot-255-256-257-1024x617.jpg" alt="" class="wp-image-27015" srcset="https://www.cca-acc.com/wp-content/uploads/2022/01/MeechLake-Screenshot-255-256-257-1024x617.jpg 1024w, https://www.cca-acc.com/wp-content/uploads/2022/01/MeechLake-Screenshot-255-256-257-600x362.jpg 600w, https://www.cca-acc.com/wp-content/uploads/2022/01/MeechLake-Screenshot-255-256-257-300x181.jpg 300w, https://www.cca-acc.com/wp-content/uploads/2022/01/MeechLake-Screenshot-255-256-257-768x463.jpg 768w, https://www.cca-acc.com/wp-content/uploads/2022/01/MeechLake-Screenshot-255-256-257-1536x926.jpg 1536w, https://www.cca-acc.com/wp-content/uploads/2022/01/MeechLake-Screenshot-255-256-257-2048x1235.jpg 2048w, https://www.cca-acc.com/wp-content/uploads/2022/01/MeechLake-Screenshot-255-256-257-1200x723.jpg 1200w, https://www.cca-acc.com/wp-content/uploads/2022/01/MeechLake-Screenshot-255-256-257-1980x1194.jpg 1980w" sizes="auto, (max-width: 1024px) 100vw, 1024px" /></figure>



<p></p>
