{"id":27202,"date":"2022-01-26T09:00:44","date_gmt":"2022-01-26T14:00:44","guid":{"rendered":"https:\/\/www.cca-acc.com\/?post_type=cca_plus&#038;p=27202"},"modified":"2022-01-27T14:41:06","modified_gmt":"2022-01-27T19:41:06","slug":"destination-vancouver-pour-la-conference-annuelle-de-lacc-de-2022","status":"publish","type":"cca_plus","link":"https:\/\/www.cca-acc.com\/fr\/plus\/destination-vancouver-pour-la-conference-annuelle-de-lacc-de-2022\/","title":{"rendered":"Destination Vancouver pour la Conf\u00e9rence annuelle de l\u2019ACC de 2022!"},"content":{"rendered":"\n<p>Nous sommes pr\u00eats \u00e0 vous accueillir en toute s\u00e9curit\u00e9 \u00e0 notre premi\u00e8re conf\u00e9rence annuelle de l\u2019ACC en personne depuis deux ans!<\/p>\n\n\n\n<p>La conf\u00e9rence annuelle de l\u2019ACC, qui aura lieu du 8 au 11 mars au Parq Vancouver Resort, offre un programme complet de s\u00e9ances et d\u2019activit\u00e9s sociales con\u00e7ues pour favoriser le partage de pratiques exemplaires de l\u2019industrie ainsi que pour renouer et \u00e9changer avec des amis et des coll\u00e8gues de partout au Canada. De nouveaux conf\u00e9renciers sont annonc\u00e9s chaque jour, alors assurez-vous de visiter la page Web du <strong><a href=\"https:\/\/www.cca-acc.com\/fr\/evenements\/conference-annuelle-acc\/programme\/\" target=\"_blank\" rel=\"noreferrer noopener\">programme de la conf\u00e9rence<\/a><\/strong> ou de nous suivre sur <a rel=\"noreferrer noopener\" href=\"https:\/\/twitter.com\/ConstructionCAN\" target=\"_blank\"><strong>Twitter<\/strong><\/a> et <a rel=\"noreferrer noopener\" href=\"https:\/\/www.linkedin.com\/company\/canadian-construction-association---association-canadienne-de-la-construction\/\" target=\"_blank\"><strong>LinkedIn<\/strong><\/a> pour rester \u00e0 l\u2019aff\u00fbt des nouvelles annonces.<\/p>\n\n\n\n<figure class=\"wp-block-image size-large\"><img loading=\"lazy\" decoding=\"async\" width=\"960\" height=\"318\" src=\"https:\/\/www.cca-acc.com\/wp-content\/uploads\/2022\/01\/hotels.jpg\" alt=\"\" class=\"wp-image-27190\" srcset=\"https:\/\/www.cca-acc.com\/wp-content\/uploads\/2022\/01\/hotels.jpg 960w, https:\/\/www.cca-acc.com\/wp-content\/uploads\/2022\/01\/hotels-600x199.jpg 600w, https:\/\/www.cca-acc.com\/wp-content\/uploads\/2022\/01\/hotels-300x99.jpg 300w, https:\/\/www.cca-acc.com\/wp-content\/uploads\/2022\/01\/hotels-768x254.jpg 768w\" sizes=\"auto, (max-width: 960px) 100vw, 960px\" \/><\/figure>\n\n\n\n<h4 class=\"wp-block-heading\">R\u00e9servez maintenant avant que les tarifs de chambre pr\u00e9f\u00e9rentiels ne prennent fin le 2 f\u00e9vrier<\/h4>\n\n\n\n<p>L\u2019ACC a retenu un bloc de chambres \u00e0 un tarif de groupe pr\u00e9f\u00e9rentiel au <a href=\"https:\/\/www.parqvancouver.com\/hotels\/jw-marriott\/\" target=\"_blank\" rel=\"noreferrer noopener\">Parq Vancouver Resort<\/a>. Pour acc\u00e9der au portail de r\u00e9servation sp\u00e9cial, veuillez d\u2019abord vous inscrire \u00e0 la conf\u00e9rence, et les d\u00e9tails pour r\u00e9server votre chambre d\u2019h\u00f4tel vous seront ensuite envoy\u00e9s dans un courriel de confirmation.<\/p>\n\n\n\n<p>Aucun d\u00e9p\u00f4t n\u2019est requis pour r\u00e9server votre chambre et vous pouvez annuler votre r\u00e9servation jusqu\u2019\u00e0 72 heures avant votre arriv\u00e9e sans p\u00e9nalit\u00e9. Si des restrictions sont annonc\u00e9es qui rendent les voyages impossibles, aucuns frais d\u2019annulation apr\u00e8s la p\u00e9riode de 72 heures ne vous seront pas factur\u00e9s. Vous recevrez \u00e9galement un cr\u00e9dit de 50 $ par chambre que vous pouvez utiliser sur place.<\/p>\n\n\n\n<div class=\"wp-block-buttons is-layout-flex wp-block-buttons-is-layout-flex\">\n<div class=\"wp-block-button\"><a class=\"wp-block-button__link has-ccp-white-color has-ccp-purple-background-color has-text-color has-background\" href=\"https:\/\/www.cca-acc.com\/fr\/evenements\/conference-annuelle-acc\/#:~:text=INSCRIVEZ-VOUS%20MAINTENANT%C2%A0\" target=\"_blank\" rel=\"noreferrer noopener\">INSCRIVEZ-VOUS MAINTENANT<\/a><\/div>\n<\/div>\n\n\n\n<p>Si vous avez des questions, veuillez communiquer avec notre \u00e9quipe charg\u00e9e des \u00e9v\u00e9nements \u00e0 <a href=\"mailto:infoconference@cca-acc.com\" target=\"_blank\" rel=\"noreferrer noopener\">infoconference@cca-acc.com<\/a>.<\/p>\n\n\n\n<p>Toutes les inscriptions des d\u00e9l\u00e9gu\u00e9s, des conjoint(e)s et des enfants comprennent ce qui suit&nbsp;:<\/p>\n\n\n\n<ul class=\"wp-block-list\"><li><strong>Acc\u00e8s \u00e0 toutes les s\u00e9ances<\/strong>, y compris la s\u00e9ance d\u2019ouverture de Jordin Tootoo, pr\u00e9sent\u00e9e par\u00a0<a rel=\"noreferrer noopener\" href=\"https:\/\/www.aon.com\/canada\/default.jsp\" target=\"_blank\">Aon Reed Stenhouse Inc.<\/a><\/li><li><strong>Petit-d\u00e9jeuner et d\u00e9jeuner<\/strong>\u00a0du 9 au 11 mars.<\/li><li><strong>R\u00e9ception et d\u00eener d\u2019accueil<\/strong>\u00a0pr\u00e9sent\u00e9s par\u00a0<a rel=\"noreferrer noopener\" href=\"https:\/\/www.travelerscanada.ca\/fr\" target=\"_blank\">La Compagnie d\u2019Assurance Travelers du Canada<\/a>\u00a0\u00a0\u2013 joignez-vous \u00e0 nous pour le lancement de la conf\u00e9rence lors d\u2019une soir\u00e9e sous le th\u00e8me de Vancouver.<\/li><li><strong>C\u00e9r\u00e9monie de remise des prix nationaux de l\u2019ACC<\/strong>, pr\u00e9sent\u00e9e par\u00a0<a rel=\"noreferrer noopener\" href=\"https:\/\/www.northbridgeinsurance.ca\/\" target=\"_blank\">Northbridge Assurance<\/a>\u00a0\u2013 levons notre verre au travail de l\u2019industrie qui rel\u00e8ve la barre encore plus haut.<\/li><li><strong>Soir\u00e9e de plaisir avec r\u00e9ception et d\u00eener<\/strong>\u00a0&#8211; joignez-vous \u00e0 nous pour c\u00e9l\u00e9brer la fin de la prohibition lors d\u2019une soir\u00e9e sous le th\u00e8me de bars clandestins avec d\u00eener\u00a0commandit\u00e9e par\u00a0<a rel=\"noreferrer noopener\" href=\"https:\/\/www.ellisdon.com\/\" target=\"_blank\">EllisDon corporation<\/a>\u00a0and\u00a0<a rel=\"noreferrer noopener\" href=\"https:\/\/www.intact.ca\/fr\/assurance-entreprises\/assurance\/cautionnements.html\" target=\"_blank\">Intact Cautionnement<\/a>.\u00a0<\/li><li><strong>Gala de cl\u00f4ture<\/strong>\u00a0\u2013 venez porter un dernier toast \u00e0 vos amis, anciens et nouveaux, lors de ce gala tapis rouge, commandit\u00e9 par\u00a0<a rel=\"noreferrer noopener\" href=\"https:\/\/www.blg.com\/\" target=\"_blank\">Borden Ladner Gervais S.E.N.C.R.L.\/S.R.L.<\/a>\u00a0et\u00a0<a rel=\"noreferrer noopener\" href=\"https:\/\/www.grahambuilds.com\/\" target=\"_blank\">Graham<\/a>.\u00a0\u00a0<\/li><\/ul>\n\n\n\n<p>Ne manquez pas ce rendez-vous incontournable. Inscrivez-vous maintenant et visitez notre site Web pour de plus amples d\u00e9tails sur le programme et la destination.<\/p>\n\n\n\n<p>Nous continuons \u00e0 surveiller la situation de la COVID-19. Si de nouvelles restrictions sont impos\u00e9es qui font en sorte qu\u2019il soit impossible de voyager ou d\u2019assister \u00e0 la conf\u00e9rence, nous offrirons un remboursement aux personnes inscrites.<\/p>\n\n\n\n<figure class=\"wp-block-image size-large\"><img loading=\"lazy\" decoding=\"async\" width=\"960\" height=\"186\" src=\"https:\/\/www.cca-acc.com\/wp-content\/uploads\/2021\/11\/blog-conf-banner-F-v2.jpeg\" alt=\"\" class=\"wp-image-25073\" srcset=\"https:\/\/www.cca-acc.com\/wp-content\/uploads\/2021\/11\/blog-conf-banner-F-v2.jpeg 960w, https:\/\/www.cca-acc.com\/wp-content\/uploads\/2021\/11\/blog-conf-banner-F-v2-600x116.jpeg 600w, https:\/\/www.cca-acc.com\/wp-content\/uploads\/2021\/11\/blog-conf-banner-F-v2-300x58.jpeg 300w, https:\/\/www.cca-acc.com\/wp-content\/uploads\/2021\/11\/blog-conf-banner-F-v2-768x149.jpeg 768w\" sizes=\"auto, (max-width: 960px) 100vw, 960px\" \/><\/figure>\n\n\n\n<p><\/p>\n","protected":false},"featured_media":27188,"menu_order":0,"template":"","class_list":["post-27202","cca_plus","type-cca_plus","status-publish","has-post-thumbnail","hentry","cca_plus_category-apercu-de-lindustrie"],"acf":[],"_links":{"self":[{"href":"https:\/\/www.cca-acc.com\/fr\/wp-json\/wp\/v2\/cca_plus\/27202","targetHints":{"allow":["GET"]}}],"collection":[{"href":"https:\/\/www.cca-acc.com\/fr\/wp-json\/wp\/v2\/cca_plus"}],"about":[{"href":"https:\/\/www.cca-acc.com\/fr\/wp-json\/wp\/v2\/types\/cca_plus"}],"version-history":[{"count":0,"href":"https:\/\/www.cca-acc.com\/fr\/wp-json\/wp\/v2\/cca_plus\/27202\/revisions"}],"wp:featuredmedia":[{"embeddable":true,"href":"https:\/\/www.cca-acc.com\/fr\/wp-json\/wp\/v2\/media\/27188"}],"wp:attachment":[{"href":"https:\/\/www.cca-acc.com\/fr\/wp-json\/wp\/v2\/media?parent=27202"}],"curies":[{"name":"wp","href":"https:\/\/api.w.org\/{rel}","templated":true}]}}

Destination Vancouver pour la Conférence annuelle de l’ACC de 2022!

<p>Nous sommes prêts à vous accueillir en toute sécurité à notre première conférence annuelle de l’ACC en personne depuis deux ans!</p>



<p>La conférence annuelle de l’ACC, qui aura lieu du 8 au 11 mars au Parq Vancouver Resort, offre un programme complet de séances et d’activités sociales conçues pour favoriser le partage de pratiques exemplaires de l’industrie ainsi que pour renouer et échanger avec des amis et des collègues de partout au Canada. De nouveaux conférenciers sont annoncés chaque jour, alors assurez-vous de visiter la page Web du <strong><a href="https://www.cca-acc.com/fr/evenements/conference-annuelle-acc/programme/" target="_blank" rel="noreferrer noopener">programme de la conférence</a></strong> ou de nous suivre sur <a rel="noreferrer noopener" href="https://twitter.com/ConstructionCAN" target="_blank"><strong>Twitter</strong></a> et <a rel="noreferrer noopener" href="https://www.linkedin.com/company/canadian-construction-association---association-canadienne-de-la-construction/" target="_blank"><strong>LinkedIn</strong></a> pour rester à l’affût des nouvelles annonces.</p>



<figure class="wp-block-image size-large"><img loading="lazy" decoding="async" width="960" height="318" src="https://www.cca-acc.com/wp-content/uploads/2022/01/hotels.jpg" alt="" class="wp-image-27190" srcset="https://www.cca-acc.com/wp-content/uploads/2022/01/hotels.jpg 960w, https://www.cca-acc.com/wp-content/uploads/2022/01/hotels-600x199.jpg 600w, https://www.cca-acc.com/wp-content/uploads/2022/01/hotels-300x99.jpg 300w, https://www.cca-acc.com/wp-content/uploads/2022/01/hotels-768x254.jpg 768w" sizes="auto, (max-width: 960px) 100vw, 960px" /></figure>



<h4 class="wp-block-heading">Réservez maintenant avant que les tarifs de chambre préférentiels ne prennent fin le 2 février</h4>



<p>L’ACC a retenu un bloc de chambres à un tarif de groupe préférentiel au <a href="https://www.parqvancouver.com/hotels/jw-marriott/" target="_blank" rel="noreferrer noopener">Parq Vancouver Resort</a>. Pour accéder au portail de réservation spécial, veuillez d’abord vous inscrire à la conférence, et les détails pour réserver votre chambre d’hôtel vous seront ensuite envoyés dans un courriel de confirmation.</p>



<p>Aucun dépôt n’est requis pour réserver votre chambre et vous pouvez annuler votre réservation jusqu’à 72 heures avant votre arrivée sans pénalité. Si des restrictions sont annoncées qui rendent les voyages impossibles, aucuns frais d’annulation après la période de 72 heures ne vous seront pas facturés. Vous recevrez également un crédit de 50 $ par chambre que vous pouvez utiliser sur place.</p>



<div class="wp-block-buttons is-layout-flex wp-block-buttons-is-layout-flex">
<div class="wp-block-button"><a class="wp-block-button__link has-ccp-white-color has-ccp-purple-background-color has-text-color has-background" href="https://www.cca-acc.com/fr/evenements/conference-annuelle-acc/#:~:text=INSCRIVEZ-VOUS%20MAINTENANT%C2%A0" target="_blank" rel="noreferrer noopener">INSCRIVEZ-VOUS MAINTENANT</a></div>
</div>



<p>Si vous avez des questions, veuillez communiquer avec notre équipe chargée des événements à <a href="mailto:infoconference@cca-acc.com" target="_blank" rel="noreferrer noopener">infoconference@cca-acc.com</a>.</p>



<p>Toutes les inscriptions des délégués, des conjoint(e)s et des enfants comprennent ce qui suit&nbsp;:</p>



<ul class="wp-block-list"><li><strong>Accès à toutes les séances</strong>, y compris la séance d’ouverture de Jordin Tootoo, présentée par <a rel="noreferrer noopener" href="https://www.aon.com/canada/default.jsp" target="_blank">Aon Reed Stenhouse Inc.</a></li><li><strong>Petit-déjeuner et déjeuner</strong> du 9 au 11 mars.</li><li><strong>Réception et dîner d’accueil</strong> présentés par <a rel="noreferrer noopener" href="https://www.travelerscanada.ca/fr" target="_blank">La Compagnie d’Assurance Travelers du Canada</a>  – joignez-vous à nous pour le lancement de la conférence lors d’une soirée sous le thème de Vancouver.</li><li><strong>Cérémonie de remise des prix nationaux de l’ACC</strong>, présentée par <a rel="noreferrer noopener" href="https://www.northbridgeinsurance.ca/" target="_blank">Northbridge Assurance</a> – levons notre verre au travail de l’industrie qui relève la barre encore plus haut.</li><li><strong>Soirée de plaisir avec réception et dîner</strong> &#8211; joignez-vous à nous pour célébrer la fin de la prohibition lors d’une soirée sous le thème de bars clandestins avec dîner commanditée par <a rel="noreferrer noopener" href="https://www.ellisdon.com/" target="_blank">EllisDon corporation</a> and <a rel="noreferrer noopener" href="https://www.intact.ca/fr/assurance-entreprises/assurance/cautionnements.html" target="_blank">Intact Cautionnement</a>. </li><li><strong>Gala de clôture</strong> – venez porter un dernier toast à vos amis, anciens et nouveaux, lors de ce gala tapis rouge, commandité par <a rel="noreferrer noopener" href="https://www.blg.com/" target="_blank">Borden Ladner Gervais S.E.N.C.R.L./S.R.L.</a> et <a rel="noreferrer noopener" href="https://www.grahambuilds.com/" target="_blank">Graham</a>.  </li></ul>



<p>Ne manquez pas ce rendez-vous incontournable. Inscrivez-vous maintenant et visitez notre site Web pour de plus amples détails sur le programme et la destination.</p>



<p>Nous continuons à surveiller la situation de la COVID-19. Si de nouvelles restrictions sont imposées qui font en sorte qu’il soit impossible de voyager ou d’assister à la conférence, nous offrirons un remboursement aux personnes inscrites.</p>



<figure class="wp-block-image size-large"><img loading="lazy" decoding="async" width="960" height="186" src="https://www.cca-acc.com/wp-content/uploads/2021/11/blog-conf-banner-F-v2.jpeg" alt="" class="wp-image-25073" srcset="https://www.cca-acc.com/wp-content/uploads/2021/11/blog-conf-banner-F-v2.jpeg 960w, https://www.cca-acc.com/wp-content/uploads/2021/11/blog-conf-banner-F-v2-600x116.jpeg 600w, https://www.cca-acc.com/wp-content/uploads/2021/11/blog-conf-banner-F-v2-300x58.jpeg 300w, https://www.cca-acc.com/wp-content/uploads/2021/11/blog-conf-banner-F-v2-768x149.jpeg 768w" sizes="auto, (max-width: 960px) 100vw, 960px" /></figure>



<p></p>
