{"id":28948,"date":"2022-03-09T09:00:00","date_gmt":"2022-03-09T14:00:00","guid":{"rendered":"https:\/\/www.cca-acc.com\/?post_type=cca_plus&#038;p=28948"},"modified":"2022-03-08T17:00:40","modified_gmt":"2022-03-08T22:00:40","slug":"lacc-accueille-brendan-nobes-a-titre-de-president-du-conseil-de-2022-2023","status":"publish","type":"cca_plus","link":"https:\/\/www.cca-acc.com\/fr\/plus\/lacc-accueille-brendan-nobes-a-titre-de-president-du-conseil-de-2022-2023\/","title":{"rendered":"L\u2019ACC accueille Brendan Nobes \u00e0 titre de pr\u00e9sident du conseil de 2022-2023"},"content":{"rendered":"\n<p>L\u2019Association canadienne de la construction (ACC) a le plaisir d\u2019accueillir Brendan Nobes au poste de pr\u00e9sident du conseil d\u2019administration de 2022-2023. Fort d\u2019une exp\u00e9rience de 35 ans dans l\u2019industrie, M.&nbsp;Nobes est directeur de grands projets chez rcs construction, une entreprise de construction g\u00e9n\u00e9rale qui r\u00e9alise des projets d\u2019envergure dans tout le Canada atlantique.<\/p>\n\n\n<div class=\"button_left\"><a href=\"https:\/\/www.cca-acc.com\/fr\/lacc-accueille-brendan-nobes-au-poste-de-president-de-son-conseil-dadministration-de-2022-2023\"  class=\" cca_purple btn_outlined\" target=\"_blank\">Pour en savoir plus sur M. Nobes, lisez notre communiqu\u00e9<\/a>\n<\/div>\n\n\n\n\n\n<p>Le transfert des fonctions a eu lieu lors de l\u2019assembl\u00e9e g\u00e9n\u00e9rale annuelle de l\u2019ACC tenue le 7 mars \u00e0 Vancouver, o\u00f9 l\u2019ACC a remerci\u00e9 le pr\u00e9sident sortant du conseil, Ray Bassett, de son leadership exemplaire et de ses conseils au cours d\u2019une ann\u00e9e de changement, de d\u00e9fi et de croissance pour l\u2019association.<\/p>\n\n\n\n<p>En plus de M. Nobes, les personnes suivantes si\u00e9geront au conseil d\u2019administration de 2022-2023 de l\u2019ACC :<\/p>\n\n\n\n<ul class=\"wp-block-list\"><li>Charles Caza (1<sup>er<\/sup> vice-pr\u00e9sident), Ontario \u2013 Centre du Canada<\/li><li>Francis Roy (2<sup>e<\/sup> vice-pr\u00e9sident), Qu\u00e9bec \u2013 Centre du Canada<\/li><li>Jean Fran\u00e7ois Arbour, Qu\u00e9bec \u2013 Centre du Canada<\/li><li>Andrew Arnill, Qu\u00e9bec \u2013 Centre du Canada<\/li><li>David Bowcott, Ontario \u2013 Centre du Canada<\/li><li>Nicole Chabot, Manitoba \u2013 Ouest du Canada<\/li><li>Leslie Doka, Saskatchewan \u2013 Ouest du Canada<\/li><li>Trevor Doucette, Alberta \u2013 Ouest du Canada<\/li><li>Steve Drummond, Colombie-Britannique \u2013 Ouest du Canada<\/li><li>Wayne Ferguson, Ontario \u2013 Centre du Canada<\/li><li>Nadine Fullarton, Nouveau-Brunswick \u2013 Est du Canada<\/li><li>Eric Gaulin, Qu\u00e9bec \u2013 Centre du Canada<\/li><li>Peter Grose, Manitoba \u2013 Ouest du Canada<\/li><li>Quentin Huillery, Alberta \u2013 Ouest du Canada<\/li><li>Branden Kotyk, Colombie-Britannique \u2013 Ouest du Canada<\/li><li>Patrick Lafreni\u00e8re, Terre-Neuve-et-Labrador \u2013 Est du Canada<\/li><li>John Mollenhauer, Ontario \u2013 Centre du Canada<\/li><li>Cory Richter, Saskatchewan \u2013 Ouest du Canada<\/li><li>Brad Scott, Nouvelle-\u00c9cosse \u2013 Est du Canada<\/li><\/ul>\n","protected":false},"featured_media":28839,"menu_order":0,"template":"","class_list":["post-28948","cca_plus","type-cca_plus","status-publish","has-post-thumbnail","hentry","cca_plus_category-le-coin-de-lacc"],"acf":[],"_links":{"self":[{"href":"https:\/\/www.cca-acc.com\/fr\/wp-json\/wp\/v2\/cca_plus\/28948","targetHints":{"allow":["GET"]}}],"collection":[{"href":"https:\/\/www.cca-acc.com\/fr\/wp-json\/wp\/v2\/cca_plus"}],"about":[{"href":"https:\/\/www.cca-acc.com\/fr\/wp-json\/wp\/v2\/types\/cca_plus"}],"version-history":[{"count":0,"href":"https:\/\/www.cca-acc.com\/fr\/wp-json\/wp\/v2\/cca_plus\/28948\/revisions"}],"wp:featuredmedia":[{"embeddable":true,"href":"https:\/\/www.cca-acc.com\/fr\/wp-json\/wp\/v2\/media\/28839"}],"wp:attachment":[{"href":"https:\/\/www.cca-acc.com\/fr\/wp-json\/wp\/v2\/media?parent=28948"}],"curies":[{"name":"wp","href":"https:\/\/api.w.org\/{rel}","templated":true}]}}

L’ACC accueille Brendan Nobes à titre de président du conseil de 2022-2023

<p>L’Association canadienne de la construction (ACC) a le plaisir d’accueillir Brendan Nobes au poste de président du conseil d’administration de 2022-2023. Fort d’une expérience de 35 ans dans l’industrie, M.&nbsp;Nobes est directeur de grands projets chez rcs construction, une entreprise de construction générale qui réalise des projets d’envergure dans tout le Canada atlantique.</p>


<div class="button_left"><a href="https://www.cca-acc.com/fr/lacc-accueille-brendan-nobes-au-poste-de-president-de-son-conseil-dadministration-de-2022-2023"  class=" cca_purple btn_outlined" target="_blank">Pour en savoir plus sur M. Nobes, lisez notre communiqué</a>
</div>





<p>Le transfert des fonctions a eu lieu lors de l’assemblée générale annuelle de l’ACC tenue le 7 mars à Vancouver, où l’ACC a remercié le président sortant du conseil, Ray Bassett, de son leadership exemplaire et de ses conseils au cours d’une année de changement, de défi et de croissance pour l’association.</p>



<p>En plus de M. Nobes, les personnes suivantes siégeront au conseil d’administration de 2022-2023 de l’ACC :</p>



<ul class="wp-block-list"><li>Charles Caza (1<sup>er</sup> vice-président), Ontario – Centre du Canada</li><li>Francis Roy (2<sup>e</sup> vice-président), Québec – Centre du Canada</li><li>Jean François Arbour, Québec – Centre du Canada</li><li>Andrew Arnill, Québec – Centre du Canada</li><li>David Bowcott, Ontario – Centre du Canada</li><li>Nicole Chabot, Manitoba – Ouest du Canada</li><li>Leslie Doka, Saskatchewan – Ouest du Canada</li><li>Trevor Doucette, Alberta – Ouest du Canada</li><li>Steve Drummond, Colombie-Britannique – Ouest du Canada</li><li>Wayne Ferguson, Ontario – Centre du Canada</li><li>Nadine Fullarton, Nouveau-Brunswick – Est du Canada</li><li>Eric Gaulin, Québec – Centre du Canada</li><li>Peter Grose, Manitoba – Ouest du Canada</li><li>Quentin Huillery, Alberta – Ouest du Canada</li><li>Branden Kotyk, Colombie-Britannique – Ouest du Canada</li><li>Patrick Lafrenière, Terre-Neuve-et-Labrador – Est du Canada</li><li>John Mollenhauer, Ontario – Centre du Canada</li><li>Cory Richter, Saskatchewan – Ouest du Canada</li><li>Brad Scott, Nouvelle-Écosse – Est du Canada</li></ul>
