{"id":30167,"date":"2022-04-28T09:50:00","date_gmt":"2022-04-28T13:50:00","guid":{"rendered":"https:\/\/www.cca-acc.com\/?post_type=cca_plus&#038;p=30167"},"modified":"2022-04-28T09:58:40","modified_gmt":"2022-04-28T13:58:40","slug":"obtenez-une-formation-technique-de-pointe-a-la-conference-conjointe-de-licdc-et-de-lilcc-en-juin","status":"publish","type":"cca_plus","link":"https:\/\/www.cca-acc.com\/fr\/plus\/obtenez-une-formation-technique-de-pointe-a-la-conference-conjointe-de-licdc-et-de-lilcc-en-juin\/","title":{"rendered":"Obtenez une formation technique de pointe \u00e0 la conf\u00e9rence conjointe de l\u2019ICDC et de l\u2019ILCC en juin"},"content":{"rendered":"\n<p>Plongez dans la culture de la collaboration et r\u00e9seautez avec des praticiens qui partagent les m\u00eames id\u00e9es en mati\u00e8re de construction Lean et de design-construction. L\u2019Institut canadien de design-construction (ICDC) et l\u2019Institut de Lean construction du Canada (ILCC) ont uni leurs efforts pour offrir la conf\u00e9rence nationale de 2022 \u00e0 Edmonton, du 15 au 17 juin 2022, soit leur premier \u00e9v\u00e9nement en personne depuis 2019!<\/p>\n\n\n<div class=\"button_left\"><a href=\"https:\/\/app.certain.com\/profile\/form\/index.cfm?PKformID=0x33064191c42\"  class=\" cca_purple btn_outlined\" target=\"_blank\">L\u2019inscription est MAINTENANT OUVERTE <\/a>\n<\/div>\n\n\n\n\n\n<p>L\u2019ICDC et l\u2019ILCC sont fiers d\u2019offrir une formation technique de pointe au Canada sur les pratiques de design-construction et les principes Lean, donnant ainsi aux participants la possibilit\u00e9 de profiter d\u2019occasions de formation et de r\u00e9seautage de premier plan. Compte tenu des enjeux auxquels fait face l\u2019industrie, notamment la perturbation des cha\u00eenes d\u2019approvisionnement, les p\u00e9nuries de main-d\u2019\u0153uvre et la construction plus \u00e9cologique, il n\u2019y a jamais eu de meilleur moment pour relever la barre et am\u00e9liorer la productivit\u00e9 de votre entreprise.<\/p>\n\n\n\n<p>Les s\u00e9ances seront ax\u00e9es sur les pratiques exemplaires et les d\u00e9fis actuels de l\u2019industrie, sans compter des possibilit\u00e9s de partager des exp\u00e9riences, d\u2019apprendre de nouvelles strat\u00e9gies et de mettre en lumi\u00e8re les valeurs qui caract\u00e9risent ces deux secteurs.<\/p>\n\n\n\n<p>Les d\u00e9l\u00e9gu\u00e9s inscrits pourront participer \u00e0 la fois aux s\u00e9ances de l\u2019ICDC et de l\u2019ILCC, leur permettant d\u2019approfondir leurs connaissances des deux pratiques de l\u2019industrie. Les membres de l\u2019ICDC et de l\u2019ILCC auront \u00e9galement droit \u00e0 des tarifs d\u2019inscription r\u00e9duits. Que vous soyez d\u00e9butant dans le domaine du Lean ou un praticien chevronn\u00e9, vous profiterez grandement de notre programme et des liens que vous \u00e9tablirez.<\/p>\n\n\n\n<p>Cliquez sur le lien ci-dessous pour obtenir des renseignements sur l\u2019inscription et un aper\u00e7u du programme pr\u00e9liminaire.<\/p>\n\n\n<div class=\"button_left\"><a href=\"https:\/\/www.cca-acc.com\/fr\/cca_events\/conference-nationale-de-licdc-et-de-lilcc\/\"  class=\" cca_purple btn_outlined\" target=\"_blank\">POUR PLUS DE RENSEIGNEMENTS<\/a>\n<\/div>\n\n\n\n\n\n<p>Si vous avez des questions ou si vous d\u00e9sirez de plus amples renseignements, veuillez communiquer avec Julia DeVries \u00e0 <a href=\"mailto:jdevries@cca-acc.com\" target=\"_blank\" rel=\"noreferrer noopener\">jdevries@cca-acc.com<\/a>.<\/p>\n\n\n\n<p>Pour obtenir des renseignements sur les possibilit\u00e9s de commandite, veuillez communiquer avec Patricia Gougeon \u00e0 <a href=\"mailto:pgougeon@cca-acc.com\" target=\"_blank\" rel=\"noreferrer noopener\">pgougeon@cca-acc.com<\/a>.<\/p>\n","protected":false},"featured_media":30157,"menu_order":0,"template":"","class_list":["post-30167","cca_plus","type-cca_plus","status-publish","has-post-thumbnail","hentry","cca_plus_category-cap-sur-les-pratiques-exemplaires"],"acf":[],"_links":{"self":[{"href":"https:\/\/www.cca-acc.com\/fr\/wp-json\/wp\/v2\/cca_plus\/30167","targetHints":{"allow":["GET"]}}],"collection":[{"href":"https:\/\/www.cca-acc.com\/fr\/wp-json\/wp\/v2\/cca_plus"}],"about":[{"href":"https:\/\/www.cca-acc.com\/fr\/wp-json\/wp\/v2\/types\/cca_plus"}],"version-history":[{"count":0,"href":"https:\/\/www.cca-acc.com\/fr\/wp-json\/wp\/v2\/cca_plus\/30167\/revisions"}],"wp:featuredmedia":[{"embeddable":true,"href":"https:\/\/www.cca-acc.com\/fr\/wp-json\/wp\/v2\/media\/30157"}],"wp:attachment":[{"href":"https:\/\/www.cca-acc.com\/fr\/wp-json\/wp\/v2\/media?parent=30167"}],"curies":[{"name":"wp","href":"https:\/\/api.w.org\/{rel}","templated":true}]}}

Obtenez une formation technique de pointe à la conférence conjointe de l’ICDC et de l’ILCC en juin

<p>Plongez dans la culture de la collaboration et réseautez avec des praticiens qui partagent les mêmes idées en matière de construction Lean et de design-construction. L’Institut canadien de design-construction (ICDC) et l’Institut de Lean construction du Canada (ILCC) ont uni leurs efforts pour offrir la conférence nationale de 2022 à Edmonton, du 15 au 17 juin 2022, soit leur premier événement en personne depuis 2019!</p>


<div class="button_left"><a href="https://app.certain.com/profile/form/index.cfm?PKformID=0x33064191c42"  class=" cca_purple btn_outlined" target="_blank">L’inscription est MAINTENANT OUVERTE </a>
</div>





<p>L’ICDC et l’ILCC sont fiers d’offrir une formation technique de pointe au Canada sur les pratiques de design-construction et les principes Lean, donnant ainsi aux participants la possibilité de profiter d’occasions de formation et de réseautage de premier plan. Compte tenu des enjeux auxquels fait face l’industrie, notamment la perturbation des chaînes d’approvisionnement, les pénuries de main-d’œuvre et la construction plus écologique, il n’y a jamais eu de meilleur moment pour relever la barre et améliorer la productivité de votre entreprise.</p>



<p>Les séances seront axées sur les pratiques exemplaires et les défis actuels de l’industrie, sans compter des possibilités de partager des expériences, d’apprendre de nouvelles stratégies et de mettre en lumière les valeurs qui caractérisent ces deux secteurs.</p>



<p>Les délégués inscrits pourront participer à la fois aux séances de l’ICDC et de l’ILCC, leur permettant d’approfondir leurs connaissances des deux pratiques de l’industrie. Les membres de l’ICDC et de l’ILCC auront également droit à des tarifs d’inscription réduits. Que vous soyez débutant dans le domaine du Lean ou un praticien chevronné, vous profiterez grandement de notre programme et des liens que vous établirez.</p>



<p>Cliquez sur le lien ci-dessous pour obtenir des renseignements sur l’inscription et un aperçu du programme préliminaire.</p>


<div class="button_left"><a href="https://www.cca-acc.com/fr/cca_events/conference-nationale-de-licdc-et-de-lilcc/"  class=" cca_purple btn_outlined" target="_blank">POUR PLUS DE RENSEIGNEMENTS</a>
</div>





<p>Si vous avez des questions ou si vous désirez de plus amples renseignements, veuillez communiquer avec Julia DeVries à <a href="mailto:jdevries@cca-acc.com" target="_blank" rel="noreferrer noopener">jdevries@cca-acc.com</a>.</p>



<p>Pour obtenir des renseignements sur les possibilités de commandite, veuillez communiquer avec Patricia Gougeon à <a href="mailto:pgougeon@cca-acc.com" target="_blank" rel="noreferrer noopener">pgougeon@cca-acc.com</a>.</p>
