{"id":30648,"date":"2022-05-16T10:30:00","date_gmt":"2022-05-16T14:30:00","guid":{"rendered":"https:\/\/www.cca-acc.com\/?post_type=cca_plus&#038;p=30648"},"modified":"2022-05-16T10:52:11","modified_gmt":"2022-05-16T14:52:11","slug":"lacc-fait-valoir-au-comite-senatorial-limportance-dune-planification-a-long-terme-des-infrastructures-basee-sur-des-objectifs-alignes","status":"publish","type":"cca_plus","link":"https:\/\/www.cca-acc.com\/fr\/plus\/lacc-fait-valoir-au-comite-senatorial-limportance-dune-planification-a-long-terme-des-infrastructures-basee-sur-des-objectifs-alignes\/","title":{"rendered":"L\u2019ACC fait valoir au comit\u00e9 s\u00e9natorial l\u2019importance d\u2019une planification \u00e0 long terme des infrastructures bas\u00e9e sur des objectifs align\u00e9s"},"content":{"rendered":"\n<p>Pour b\u00e2tir un Canada plus vert et durable, il faut une strat\u00e9gie d\u2019investissement \u00e0 long terme, a d\u00e9clar\u00e9 Mary Van Buren, pr\u00e9sidente de l\u2019Association canadienne de la construction (ACC), lors de son t\u00e9moignage devant le Comit\u00e9 s\u00e9natorial permanent des transports et des communications.<\/p>\n\n\n\n<p>L\u2019ACC a \u00e9t\u00e9 invit\u00e9e \u00e0 compara\u00eetre devant le comit\u00e9 le 27 avril afin de contribuer \u00e0 son \u00e9tude sur l\u2019incidence des changements climatiques sur les infrastructures essentielles dans les secteurs des transports et des communications.<\/p>\n\n\n\n<figure class=\"wp-block-image size-full\"><a href=\"https:\/\/senparlvu.parl.gc.ca\/Harmony\/fr\/PowerBrowser\/PowerBrowserV2?fk=575044&amp;&amp;globalStreamId=3\"><img loading=\"lazy\" decoding=\"async\" width=\"500\" height=\"268\" src=\"https:\/\/www.cca-acc.com\/wp-content\/uploads\/2022\/05\/MVB-at-Senate-500px3FR.jpg\" alt=\"\" class=\"wp-image-30649\" srcset=\"https:\/\/www.cca-acc.com\/wp-content\/uploads\/2022\/05\/MVB-at-Senate-500px3FR.jpg 500w, https:\/\/www.cca-acc.com\/wp-content\/uploads\/2022\/05\/MVB-at-Senate-500px3FR-300x161.jpg 300w\" sizes=\"auto, (max-width: 500px) 100vw, 500px\" \/><\/a><\/figure>\n\n\n\n<p>Mme Van Buren a soulign\u00e9 l\u2019urgence d\u2019investir d\u00e8s maintenant dans un plan d\u2019infrastructure durable \u00e0 long terme qui est harmonis\u00e9 avec les besoins actuels et futurs des provinces, des municipalit\u00e9s et des collectivit\u00e9s autochtones. \u00ab&nbsp;Il n\u2019y a pas de solution universelle, a-t-elle d\u00e9clar\u00e9. Il faut davantage de consultations et une mobilisation pr\u00e9coce.&nbsp;\u00bb<\/p>\n\n\n\n<p>Elle a \u00e9galement fait \u00e9tat des recommandations formul\u00e9es dans le document de recherche de l\u2019ACC, <em><a href=\"https:\/\/www.cca-acc.com\/wp-content\/uploads\/2021\/03\/Force-r%C3%A9silience-et-durabilit%C3%A9-FR.pdf\" target=\"_blank\" rel=\"noreferrer noopener\">Force, r\u00e9silience et durabilit\u00e9&nbsp;: Recommandations du secteur de la construction du Canada sur les mesures d\u2019adaptation au changement climatique<\/a><\/em>. Des investissements pr\u00e9coces dans les mesures d\u2019adaptation peuvent diminuer consid\u00e9rablement l\u2019incidence des changements climatiques sur les infrastructures et r\u00e9duire les co\u00fbts de plus de 90&nbsp;%, soit 20,79 milliards de dollars par ann\u00e9e.<\/p>\n\n\n\n<p>Mme Van Buren a \u00e9galement eu l\u2019occasion de discuter de la r\u00e9ponse de l\u2019ACC \u00e0 l\u2019\u00c9valuation nationale des infrastructures propos\u00e9e par le gouvernement f\u00e9d\u00e9ral, apr\u00e8s que plusieurs s\u00e9nateurs aient demand\u00e9 des d\u00e9tails sur la fa\u00e7on d\u2019aligner les priorit\u00e9s et les besoins des diff\u00e9rents groupes de parties prenantes. Elle a soulign\u00e9 la n\u00e9cessit\u00e9 de cr\u00e9er un organisme consultatif ind\u00e9pendant qui peut fournir des conseils \u00e9quilibr\u00e9s et guid\u00e9s par des experts au gouvernement et aux principaux intervenants de l\u2019industrie.<\/p>\n\n\n\n<p>Les investissements n\u2019ont pas suivi le rythme de ce dont les provinces et les municipalit\u00e9s ont besoin en vue de rem\u00e9dier aux infrastructures vieillissantes, ou de ce dont le pays a besoin pour r\u00e9tablir sa position en tant que partenaire commercial mondial de confiance. Un rapport de la Canada West Foundation, appuy\u00e9 par l\u2019ACC, la Western Canada Roadbuilders &amp; Heavy Construction Association, le Conseil canadien des affaires et la Chambre de commerce du Canada, pr\u00e9sente des arguments convaincants en faveur d\u2019un plan national pour des infrastructures de corridors commerciaux.<\/p>\n\n\n<div class=\"button_left\"><a href=\"https:\/\/cwf.ca\/wp-content\/uploads\/2022\/05\/CWF_ShovelReadytoShovelWorthy_Report_10MAY2022.pdf\"  class=\" cca_purple btn_outlined\" target=\"_blank\">Lisez le rapport (en anglais seulement)<\/a>\n<\/div>\n\n\n\n\n\n<p>Mme Van Buren a soulign\u00e9 que le Canada est pass\u00e9 du 10<sup>e <\/sup>au 32<sup>e<\/sup>&nbsp;rang dans le classement mondial en ce qui concerne les infrastructures commerciales et qu\u2019il est essentiel de mettre fin aux solutions rapides et de passer \u00e0 une strat\u00e9gie ax\u00e9e sur des solutions \u00e0 long terme qui procurent des avantages pour les Canadiens. L\u2019am\u00e9lioration de nos infrastructures commerciales peut renforcer la capacit\u00e9 de la cha\u00eene d\u2019approvisionnement, appuyer l\u2019innovation verte et les technologies \u00e9mergentes, cr\u00e9er des emplois transformateurs et stimuler notre comp\u00e9titivit\u00e9 \u00e0 l\u2019\u00e9chelle mondiale.<\/p>\n\n\n\n<p>Matt Gemmel, directeur des politiques et des recherches de la F\u00e9d\u00e9ration canadienne des municipalit\u00e9s, et Gerard McDonald, chef de la direction, Ing\u00e9nieurs Canada, ont \u00e9galement t\u00e9moign\u00e9 lors de cette s\u00e9ance du comit\u00e9 s\u00e9natorial.<\/p>\n\n\n\n<p>Il s\u2019agissait de la quatri\u00e8me comparution de l\u2019ACC devant un comit\u00e9 s\u00e9natorial ou parlementaire en deux ans seulement. Les comparutions pr\u00e9c\u00e9dentes ont eu lieu devant le Comit\u00e9 permanent des transports, de l\u2019infrastructure et des collectivit\u00e9s, le Comit\u00e9 permanent des finances et le Comit\u00e9 permanent des op\u00e9rations gouvernementales et des pr\u00e9visions budg\u00e9taires de la Chambre des communes.<\/p>\n","protected":false},"featured_media":30670,"menu_order":0,"template":"","class_list":["post-30648","cca_plus","type-cca_plus","status-publish","has-post-thumbnail","hentry","cca_plus_category-alerte-a-la-defense-des-interets"],"acf":[],"_links":{"self":[{"href":"https:\/\/www.cca-acc.com\/fr\/wp-json\/wp\/v2\/cca_plus\/30648","targetHints":{"allow":["GET"]}}],"collection":[{"href":"https:\/\/www.cca-acc.com\/fr\/wp-json\/wp\/v2\/cca_plus"}],"about":[{"href":"https:\/\/www.cca-acc.com\/fr\/wp-json\/wp\/v2\/types\/cca_plus"}],"version-history":[{"count":0,"href":"https:\/\/www.cca-acc.com\/fr\/wp-json\/wp\/v2\/cca_plus\/30648\/revisions"}],"wp:featuredmedia":[{"embeddable":true,"href":"https:\/\/www.cca-acc.com\/fr\/wp-json\/wp\/v2\/media\/30670"}],"wp:attachment":[{"href":"https:\/\/www.cca-acc.com\/fr\/wp-json\/wp\/v2\/media?parent=30648"}],"curies":[{"name":"wp","href":"https:\/\/api.w.org\/{rel}","templated":true}]}}

L’ACC fait valoir au comité sénatorial l’importance d’une planification à long terme des infrastructures basée sur des objectifs alignés

<p>Pour bâtir un Canada plus vert et durable, il faut une stratégie d’investissement à long terme, a déclaré Mary Van Buren, présidente de l’Association canadienne de la construction (ACC), lors de son témoignage devant le Comité sénatorial permanent des transports et des communications.</p>



<p>L’ACC a été invitée à comparaître devant le comité le 27 avril afin de contribuer à son étude sur l’incidence des changements climatiques sur les infrastructures essentielles dans les secteurs des transports et des communications.</p>



<figure class="wp-block-image size-full"><a href="https://senparlvu.parl.gc.ca/Harmony/fr/PowerBrowser/PowerBrowserV2?fk=575044&amp;&amp;globalStreamId=3"><img loading="lazy" decoding="async" width="500" height="268" src="https://www.cca-acc.com/wp-content/uploads/2022/05/MVB-at-Senate-500px3FR.jpg" alt="" class="wp-image-30649" srcset="https://www.cca-acc.com/wp-content/uploads/2022/05/MVB-at-Senate-500px3FR.jpg 500w, https://www.cca-acc.com/wp-content/uploads/2022/05/MVB-at-Senate-500px3FR-300x161.jpg 300w" sizes="auto, (max-width: 500px) 100vw, 500px" /></a></figure>



<p>Mme Van Buren a souligné l’urgence d’investir dès maintenant dans un plan d’infrastructure durable à long terme qui est harmonisé avec les besoins actuels et futurs des provinces, des municipalités et des collectivités autochtones. «&nbsp;Il n’y a pas de solution universelle, a-t-elle déclaré. Il faut davantage de consultations et une mobilisation précoce.&nbsp;»</p>



<p>Elle a également fait état des recommandations formulées dans le document de recherche de l’ACC, <em><a href="https://www.cca-acc.com/wp-content/uploads/2021/03/Force-r%C3%A9silience-et-durabilit%C3%A9-FR.pdf" target="_blank" rel="noreferrer noopener">Force, résilience et durabilité&nbsp;: Recommandations du secteur de la construction du Canada sur les mesures d’adaptation au changement climatique</a></em>. Des investissements précoces dans les mesures d’adaptation peuvent diminuer considérablement l’incidence des changements climatiques sur les infrastructures et réduire les coûts de plus de 90&nbsp;%, soit 20,79 milliards de dollars par année.</p>



<p>Mme Van Buren a également eu l’occasion de discuter de la réponse de l’ACC à l’Évaluation nationale des infrastructures proposée par le gouvernement fédéral, après que plusieurs sénateurs aient demandé des détails sur la façon d’aligner les priorités et les besoins des différents groupes de parties prenantes. Elle a souligné la nécessité de créer un organisme consultatif indépendant qui peut fournir des conseils équilibrés et guidés par des experts au gouvernement et aux principaux intervenants de l’industrie.</p>



<p>Les investissements n’ont pas suivi le rythme de ce dont les provinces et les municipalités ont besoin en vue de remédier aux infrastructures vieillissantes, ou de ce dont le pays a besoin pour rétablir sa position en tant que partenaire commercial mondial de confiance. Un rapport de la Canada West Foundation, appuyé par l’ACC, la Western Canada Roadbuilders &amp; Heavy Construction Association, le Conseil canadien des affaires et la Chambre de commerce du Canada, présente des arguments convaincants en faveur d’un plan national pour des infrastructures de corridors commerciaux.</p>


<div class="button_left"><a href="https://cwf.ca/wp-content/uploads/2022/05/CWF_ShovelReadytoShovelWorthy_Report_10MAY2022.pdf"  class=" cca_purple btn_outlined" target="_blank">Lisez le rapport (en anglais seulement)</a>
</div>





<p>Mme Van Buren a souligné que le Canada est passé du 10<sup>e </sup>au 32<sup>e</sup>&nbsp;rang dans le classement mondial en ce qui concerne les infrastructures commerciales et qu’il est essentiel de mettre fin aux solutions rapides et de passer à une stratégie axée sur des solutions à long terme qui procurent des avantages pour les Canadiens. L’amélioration de nos infrastructures commerciales peut renforcer la capacité de la chaîne d’approvisionnement, appuyer l’innovation verte et les technologies émergentes, créer des emplois transformateurs et stimuler notre compétitivité à l’échelle mondiale.</p>



<p>Matt Gemmel, directeur des politiques et des recherches de la Fédération canadienne des municipalités, et Gerard McDonald, chef de la direction, Ingénieurs Canada, ont également témoigné lors de cette séance du comité sénatorial.</p>



<p>Il s’agissait de la quatrième comparution de l’ACC devant un comité sénatorial ou parlementaire en deux ans seulement. Les comparutions précédentes ont eu lieu devant le Comité permanent des transports, de l’infrastructure et des collectivités, le Comité permanent des finances et le Comité permanent des opérations gouvernementales et des prévisions budgétaires de la Chambre des communes.</p>
