{"id":37524,"date":"2023-02-16T17:34:14","date_gmt":"2023-02-16T22:34:14","guid":{"rendered":"https:\/\/www.cca-acc.com\/?post_type=cca_plus&#038;p=37524"},"modified":"2023-02-21T13:49:59","modified_gmt":"2023-02-21T18:49:59","slug":"rappel-assemblee-generale-annuelle-de-lacc","status":"publish","type":"cca_plus","link":"https:\/\/www.cca-acc.com\/fr\/plus\/rappel-assemblee-generale-annuelle-de-lacc\/","title":{"rendered":"Rappel! Assembl\u00e9e g\u00e9n\u00e9rale annuelle de l\u2019ACC"},"content":{"rendered":"\n<p><a href=\"https:\/\/app.certain.com\/profile\/form\/index.cfm?PKformID=0x3329580cad1\" target=\"_blank\" rel=\"noreferrer noopener\">https:\/\/app.certain.com\/profile\/form\/index.cfm?PKformID=0x3329580cad1<\/a><\/p>\n","protected":false},"featured_media":37689,"menu_order":0,"template":"","class_list":["post-37524","cca_plus","type-cca_plus","status-publish","has-post-thumbnail","hentry","cca_plus_category-ad-fr"],"acf":[],"_links":{"self":[{"href":"https:\/\/www.cca-acc.com\/fr\/wp-json\/wp\/v2\/cca_plus\/37524","targetHints":{"allow":["GET"]}}],"collection":[{"href":"https:\/\/www.cca-acc.com\/fr\/wp-json\/wp\/v2\/cca_plus"}],"about":[{"href":"https:\/\/www.cca-acc.com\/fr\/wp-json\/wp\/v2\/types\/cca_plus"}],"version-history":[{"count":0,"href":"https:\/\/www.cca-acc.com\/fr\/wp-json\/wp\/v2\/cca_plus\/37524\/revisions"}],"wp:featuredmedia":[{"embeddable":true,"href":"https:\/\/www.cca-acc.com\/fr\/wp-json\/wp\/v2\/media\/37689"}],"wp:attachment":[{"href":"https:\/\/www.cca-acc.com\/fr\/wp-json\/wp\/v2\/media?parent=37524"}],"curies":[{"name":"wp","href":"https:\/\/api.w.org\/{rel}","templated":true}]}}

Rappel! Assemblée générale annuelle de l’ACC
