{"id":40442,"date":"2023-05-25T09:00:00","date_gmt":"2023-05-25T13:00:00","guid":{"rendered":"https:\/\/www.cca-acc.com\/?post_type=cca_plus&#038;p=40442"},"modified":"2023-05-25T10:32:20","modified_gmt":"2023-05-25T14:32:20","slug":"lactivite-de-construction-reste-forte-malgre-les-difficultes-rencontrees-par-le-secteur","status":"publish","type":"cca_plus","link":"https:\/\/www.cca-acc.com\/fr\/plus\/lactivite-de-construction-reste-forte-malgre-les-difficultes-rencontrees-par-le-secteur\/","title":{"rendered":"L\u2019activit\u00e9 de construction reste forte malgr\u00e9 les difficult\u00e9s rencontr\u00e9es par le secteur"},"content":{"rendered":"\n<p>Alors que l\u2019inflation et les p\u00e9nuries de main-d\u2019\u0153uvre restent des probl\u00e8mes majeurs dans tous les secteurs, l\u2019industrie de la construction industrielle, commerciale, institutionnelle et de travaux civils (ICITC) a \u00e9t\u00e9 une force positive pour l\u2019\u00e9conomie du Canada en 2022 et les signes indiquent que cette tendance se poursuivra en 2023.<\/p>\n\n\n\n<p>L\u2019\u00e9dition la plus r\u00e9cente de l\u2019ACC <em><a rel=\"noreferrer noopener\" href=\"https:\/\/www.cca-acc.com\/wp-content\/uploads\/2023\/05\/ACC-Quarterly-insights-Q1-2023-FR.pdf\" target=\"_blank\">Analyse trimestrielles du secteur de la construction ICITC\u00a0: Premier trimestre\u00a0de 2023<\/a><\/em> indique que le PIB du Canada a augment\u00e9 de 3,6\u00a0% en 2022, et que le secteur de la construction a suivi en augmentant de 1,2\u00a0% au cours de la m\u00eame p\u00e9riode. Bien que la majeure partie de cette croissance ait \u00e9t\u00e9 entrav\u00e9e par une baisse importante du secteur r\u00e9sidentiel, le secteur ICITC a pu plus que compenser cette baisse gr\u00e2ce \u00e0 une augmentation de 10\u00a0% de l\u2019activit\u00e9 dans le domaine de l\u2019ing\u00e9nierie et de la construction lourde.<\/p>\n\n\n<div class=\"button_left\"><a href=\"https:\/\/www.cca-acc.com\/wp-content\/uploads\/2023\/05\/ACC-Quarterly-insights-Q1-2023-FR.pdf\"  class=\" cca_purple btn_outlined\" target=\"_blank\">T\u00e9l\u00e9charger le rapport<\/a>\n<\/div>\n\n\n\n\n\n<p>Malgr\u00e9 les inqui\u00e9tudes concernant les postes vacants dans le secteur de la construction au premier trimestre\u00a02023 et les hausses de taux d\u2019int\u00e9r\u00eat d\u00e9cid\u00e9es par la Banque du Canada pour contr\u00f4ler l\u2019inflation, le sentiment du secteur ICITC concernant l\u2019activit\u00e9 au deuxi\u00e8me trimestre\u00a02023 reste positif \u00e0 l\u2019approche des mois d\u2019\u00e9t\u00e9 tr\u00e8s charg\u00e9s. Les investissements dans la construction non r\u00e9sidentielle des secteurs public et priv\u00e9 devraient augmenter de 4\u00a0% pour atteindre 208\u00a0G$ en 2023 (figure\u00a01).<\/p>\n\n\n\n<figure class=\"wp-block-image size-large\"><img loading=\"lazy\" decoding=\"async\" width=\"1024\" height=\"512\" src=\"https:\/\/www.cca-acc.com\/wp-content\/uploads\/2023\/05\/ICIC-ReportQ1-23-chart-fr-v2-1024x512.jpg\" alt=\"\" class=\"wp-image-40537\" srcset=\"https:\/\/www.cca-acc.com\/wp-content\/uploads\/2023\/05\/ICIC-ReportQ1-23-chart-fr-v2-1024x512.jpg 1024w, https:\/\/www.cca-acc.com\/wp-content\/uploads\/2023\/05\/ICIC-ReportQ1-23-chart-fr-v2-scaled-600x300.jpg 600w, https:\/\/www.cca-acc.com\/wp-content\/uploads\/2023\/05\/ICIC-ReportQ1-23-chart-fr-v2-300x150.jpg 300w, https:\/\/www.cca-acc.com\/wp-content\/uploads\/2023\/05\/ICIC-ReportQ1-23-chart-fr-v2-768x384.jpg 768w, https:\/\/www.cca-acc.com\/wp-content\/uploads\/2023\/05\/ICIC-ReportQ1-23-chart-fr-v2-1536x768.jpg 1536w, https:\/\/www.cca-acc.com\/wp-content\/uploads\/2023\/05\/ICIC-ReportQ1-23-chart-fr-v2-2048x1024.jpg 2048w, https:\/\/www.cca-acc.com\/wp-content\/uploads\/2023\/05\/ICIC-ReportQ1-23-chart-fr-v2-1200x600.jpg 1200w, https:\/\/www.cca-acc.com\/wp-content\/uploads\/2023\/05\/ICIC-ReportQ1-23-chart-fr-v2-1980x990.jpg 1980w\" sizes=\"auto, (max-width: 1024px) 100vw, 1024px\" \/><figcaption class=\"wp-element-caption\">Figure 1 Statistique Canada. <a href=\"https:\/\/www150.statcan.gc.ca\/t1\/tbl1\/fr\/tv.action?pid=3410003501\" target=\"_blank\" rel=\"noreferrer noopener\">Tableau 34-10-0035-01 D\u00e9penses en immobilisation et r\u00e9parations, actifs corporels non r\u00e9sidentiels, par industrie selon la g\u00e9ographie<\/a><\/figcaption><\/figure>\n\n\n\n<p>L\u2019ACC continue de travailler sur des initiatives qui aident \u00e0 soutenir nos membres et l\u2019industrie, notamment en pr\u00e9conisant des investissements strat\u00e9giques \u00e0 long terme dans l\u2019infrastructure, en am\u00e9liorant l\u2019approvisionnement et en renfor\u00e7ant la capacit\u00e9 de la main-d\u2019\u0153uvre en aidant l\u2019industrie \u00e0 recruter, \u00e0 former et \u00e0 retenir la main-d\u2019\u0153uvre de demain.&nbsp;<\/p>\n\n\n\n<p>Pour plus de renseignements sur ce rapport ou sur les travaux actuellement men\u00e9s par l\u2019ACC pour traiter les questions abord\u00e9es, veuillez envoyer un courriel \u00e0 <a href=\"mailto:lpchampagne@cca-acc.com\" target=\"_blank\" rel=\"noreferrer noopener\">Louis-Philippe Champagne<\/a>, directeur des relations gouvernementales et de la politique, ou \u00e0 <a href=\"mailto:mbaker@cca-acc.com\" target=\"_blank\" rel=\"noreferrer noopener\">Mario Baker<\/a>, directeur adjoint de l\u2019\u00e9conomie et de l\u2019\u00e9laboration des politiques.<\/p>\n\n\n\n<hr class=\"wp-block-separator has-alpha-channel-opacity\"\/>\n","protected":false},"featured_media":40650,"menu_order":0,"template":"","class_list":["post-40442","cca_plus","type-cca_plus","status-publish","has-post-thumbnail","hentry","cca_plus_category-alerte-a-la-defense-des-interets"],"acf":[],"_links":{"self":[{"href":"https:\/\/www.cca-acc.com\/fr\/wp-json\/wp\/v2\/cca_plus\/40442","targetHints":{"allow":["GET"]}}],"collection":[{"href":"https:\/\/www.cca-acc.com\/fr\/wp-json\/wp\/v2\/cca_plus"}],"about":[{"href":"https:\/\/www.cca-acc.com\/fr\/wp-json\/wp\/v2\/types\/cca_plus"}],"version-history":[{"count":9,"href":"https:\/\/www.cca-acc.com\/fr\/wp-json\/wp\/v2\/cca_plus\/40442\/revisions"}],"predecessor-version":[{"id":40664,"href":"https:\/\/www.cca-acc.com\/fr\/wp-json\/wp\/v2\/cca_plus\/40442\/revisions\/40664"}],"wp:featuredmedia":[{"embeddable":true,"href":"https:\/\/www.cca-acc.com\/fr\/wp-json\/wp\/v2\/media\/40650"}],"wp:attachment":[{"href":"https:\/\/www.cca-acc.com\/fr\/wp-json\/wp\/v2\/media?parent=40442"}],"curies":[{"name":"wp","href":"https:\/\/api.w.org\/{rel}","templated":true}]}}

L’activité de construction reste forte malgré les difficultés rencontrées par le secteur

<p>Alors que l’inflation et les pénuries de main-d’œuvre restent des problèmes majeurs dans tous les secteurs, l’industrie de la construction industrielle, commerciale, institutionnelle et de travaux civils (ICITC) a été une force positive pour l’économie du Canada en 2022 et les signes indiquent que cette tendance se poursuivra en 2023.</p>



<p>L’édition la plus récente de l’ACC <em><a rel="noreferrer noopener" href="https://www.cca-acc.com/wp-content/uploads/2023/05/ACC-Quarterly-insights-Q1-2023-FR.pdf" target="_blank">Analyse trimestrielles du secteur de la construction ICITC : Premier trimestre de 2023</a></em> indique que le PIB du Canada a augmenté de 3,6 % en 2022, et que le secteur de la construction a suivi en augmentant de 1,2 % au cours de la même période. Bien que la majeure partie de cette croissance ait été entravée par une baisse importante du secteur résidentiel, le secteur ICITC a pu plus que compenser cette baisse grâce à une augmentation de 10 % de l’activité dans le domaine de l’ingénierie et de la construction lourde.</p>


<div class="button_left"><a href="https://www.cca-acc.com/wp-content/uploads/2023/05/ACC-Quarterly-insights-Q1-2023-FR.pdf"  class=" cca_purple btn_outlined" target="_blank">Télécharger le rapport</a>
</div>





<p>Malgré les inquiétudes concernant les postes vacants dans le secteur de la construction au premier trimestre 2023 et les hausses de taux d’intérêt décidées par la Banque du Canada pour contrôler l’inflation, le sentiment du secteur ICITC concernant l’activité au deuxième trimestre 2023 reste positif à l’approche des mois d’été très chargés. Les investissements dans la construction non résidentielle des secteurs public et privé devraient augmenter de 4 % pour atteindre 208 G$ en 2023 (figure 1).</p>



<figure class="wp-block-image size-large"><img loading="lazy" decoding="async" width="1024" height="512" src="https://www.cca-acc.com/wp-content/uploads/2023/05/ICIC-ReportQ1-23-chart-fr-v2-1024x512.jpg" alt="" class="wp-image-40537" srcset="https://www.cca-acc.com/wp-content/uploads/2023/05/ICIC-ReportQ1-23-chart-fr-v2-1024x512.jpg 1024w, https://www.cca-acc.com/wp-content/uploads/2023/05/ICIC-ReportQ1-23-chart-fr-v2-scaled-600x300.jpg 600w, https://www.cca-acc.com/wp-content/uploads/2023/05/ICIC-ReportQ1-23-chart-fr-v2-300x150.jpg 300w, https://www.cca-acc.com/wp-content/uploads/2023/05/ICIC-ReportQ1-23-chart-fr-v2-768x384.jpg 768w, https://www.cca-acc.com/wp-content/uploads/2023/05/ICIC-ReportQ1-23-chart-fr-v2-1536x768.jpg 1536w, https://www.cca-acc.com/wp-content/uploads/2023/05/ICIC-ReportQ1-23-chart-fr-v2-2048x1024.jpg 2048w, https://www.cca-acc.com/wp-content/uploads/2023/05/ICIC-ReportQ1-23-chart-fr-v2-1200x600.jpg 1200w, https://www.cca-acc.com/wp-content/uploads/2023/05/ICIC-ReportQ1-23-chart-fr-v2-1980x990.jpg 1980w" sizes="auto, (max-width: 1024px) 100vw, 1024px" /><figcaption class="wp-element-caption">Figure 1 Statistique Canada. <a href="https://www150.statcan.gc.ca/t1/tbl1/fr/tv.action?pid=3410003501" target="_blank" rel="noreferrer noopener">Tableau 34-10-0035-01 Dépenses en immobilisation et réparations, actifs corporels non résidentiels, par industrie selon la géographie</a></figcaption></figure>



<p>L’ACC continue de travailler sur des initiatives qui aident à soutenir nos membres et l’industrie, notamment en préconisant des investissements stratégiques à long terme dans l’infrastructure, en améliorant l’approvisionnement et en renforçant la capacité de la main-d’œuvre en aidant l’industrie à recruter, à former et à retenir la main-d’œuvre de demain.&nbsp;</p>



<p>Pour plus de renseignements sur ce rapport ou sur les travaux actuellement menés par l’ACC pour traiter les questions abordées, veuillez envoyer un courriel à <a href="mailto:lpchampagne@cca-acc.com" target="_blank" rel="noreferrer noopener">Louis-Philippe Champagne</a>, directeur des relations gouvernementales et de la politique, ou à <a href="mailto:mbaker@cca-acc.com" target="_blank" rel="noreferrer noopener">Mario Baker</a>, directeur adjoint de l’économie et de l’élaboration des politiques.</p>



<hr class="wp-block-separator has-alpha-channel-opacity"/>
